{"id":8,"date":"2022-12-01T12:08:16","date_gmt":"2022-12-01T12:08:16","guid":{"rendered":"https:\/\/szentannaszany.hu\/?page_id=8"},"modified":"2025-12-15T18:40:24","modified_gmt":"2025-12-15T18:40:24","slug":"bemutatkozas","status":"publish","type":"page","link":"https:\/\/szentannaszany.hu\/index.php\/bemutatkozas\/","title":{"rendered":"Bemutatkoz\u00e1s"},"content":{"rendered":"\n<p class=\"wp-block-paragraph\">Iskol\u00e1nk 1992. \u00f3ta m\u0171k\u00f6dik katolikus egyh\u00e1zi iskolak\u00e9nt. 1994. augusztus 1-t\u0151l b\u00fcszk\u00e9n viseli Szent Anna nev\u00e9t, aki a hitre val\u00f3 nevel\u00e9s p\u00e9ldak\u00e9pe.<\/p>\n\n\n\n<p class=\"wp-block-paragraph\">Ahogy \u00e9gi nagyany\u00e1nk tan\u00edtotta gyermek\u00e9t, \u00fagy mi is ezzel a kereszt\u00e9nyi hittel \u00e9s szeretettel oktatjuk, nevelj\u00fck a rank b\u00edzott gyermekeket.<\/p>\n\n\n\n<p class=\"wp-block-paragraph\">M\u00e1s vall\u00e1s\u00fa tanul\u00f3kat is sz\u00edvesen fogadunk, vall\u00e1si szabads\u00e1gukat tiszteletben tartjuk.<\/p>\n\n\n\n<p class=\"wp-block-paragraph\"><\/p>\n\n\n\n<p class=\"has-large-font-size wp-block-paragraph\"><strong>Mi\u00e9rt v\u00e1lasszon minket?<\/strong><\/p>\n\n\n\n<p class=\"wp-block-paragraph\">-Pedag\u00f3gusaink<strong> <\/strong>szakmailag j\u00f3l k\u00e9pzettek, nagy tapasztalatokkal rendelkeznek, a fiatalok nagyon tehets\u00e9ges szakemberek, akik sz\u00edvvel-l\u00e9lekkel tan\u00edtanak, nevelnek.<\/p>\n\n\n\n<p class=\"wp-block-paragraph\">-Tanul\u00f3inkat \u00e9rdekl\u0151d\u00e9s\u00fcknek megfelel\u0151en k\u00e9sz\u00edtj\u00fck fel a tov\u00e1bbtanul\u00e1sra. Felv\u00e9teli el\u0151k\u00e9sz\u00edt\u0151 \u00f3r\u00e1kon vesznek r\u00e9szt a 8. oszt\u00e1lyosok. Tov\u00e1bbtanul\u00e1si eredm\u00e9nyeink mutatj\u00e1k, hogy megfelel\u0151 felk\u00e9sz\u00edt\u00e9s t\u00f6rt\u00e9nik iskol\u00e1nkban.<\/p>\n\n\n\n<p class=\"wp-block-paragraph\">-Bar\u00e1ts\u00e1gos k\u00f6rnyezet, t\u00e1gas, z\u00f6ld udvar, j\u00f3l felszerelt tantermek, sz\u00e9p folyos\u00f3k, k\u00f6z\u00f6ss\u00e9gi terek, v\u00e1rj\u00e1k a gyermekeket. A tantermekben interakt\u00edv t\u00e1bl\u00e1k vannak, amivel az internet adta lehet\u0151s\u00e9geket is tudjuk biztos\u00edtani.<\/p>\n\n\n\n<p class=\"wp-block-paragraph\">-A j\u00f6v\u0151 nemzed\u00e9k\u00e9nek k\u00f6rnyezettudatos magatart\u00e1s\u00e1t iskolakert\u00fcnk indul\u00e1s\u00e1val fejlesztj\u00fck.<\/p>\n\n\n\n<p class=\"wp-block-paragraph\">-A busszal k\u00f6zleked\u0151ket k\u00eds\u00e9rj\u00fck, a reggeli \u00f3r\u00e1kban feln\u0151tt forgalomir\u00e1ny\u00edt\u00f3 seg\u00edt a biztons\u00e1gos \u00e1tkel\u00e9sben.<\/p>\n\n\n\n<p class=\"wp-block-paragraph\">-H\u00e1tr\u00e1nyos helyzet\u0171 gyermekek felkarol\u00e1sa fontos feladatunk.<\/p>\n\n\n\n<p class=\"wp-block-paragraph\">-Nagy t\u00e1mogat\u00e1st kapunk az \u00f6nkorm\u00e1nyzatokt\u00f3l \u00e9s helyi v\u00e1llalkoz\u00f3kt\u00f3l, egyes\u00fcletekt\u0151l.<\/p>\n\n\n\n<p class=\"wp-block-paragraph\">-Di\u00e1kjainknak olyan ismereteket, tud\u00e1st \u00e9s emberi mint\u00e1t adunk, mellyel a magyars\u00e1g, az emberis\u00e9g \u00f6r\u00f6k \u00e9s kereszt\u00e9ny \u00e9rt\u00e9keit k\u00f6zvet\u00edtj\u00fck: a szeretetet, tiszteletet, becs\u00fcletet, hitet, munkaerk\u00f6lcs\u00f6t.<\/p>\n\n\n\n<p class=\"wp-block-paragraph\">-Iskol\u00e1nkban a tanul\u00f3k teljes szem\u00e9lyis\u00e9g\u00e9nek fejleszt\u00e9se, korszer\u0171 ismereteinek, k\u00e9pess\u00e9geinek, k\u00e9szs\u00e9geinek kialak\u00edt\u00e1sa \u00e9s b\u0151v\u00edt\u00e9se a legfontosabb pedag\u00f3giai feladat.<\/p>\n\n\n\n<p class=\"wp-block-paragraph\">-Nevel\u0151ink szellemileg, erk\u00f6lcsileg \u00e9s testileg eg\u00e9szs\u00e9ges nemzed\u00e9ket k\u00edv\u00e1nnak nevelni a r\u00e1nk b\u00edzott gyermekekb\u0151l.<\/p>\n\n\n\n<p class=\"wp-block-paragraph\">-Az als\u00f3 tagozat f\u0151 feladata a biztos alapok megteremt\u00e9se j\u00e1t\u00e9kos, tapasztalatokon alapul\u00f3, v\u00e1ltozatos tanul\u00e1sszervez\u00e9si form\u00e1kkal.<\/p>\n\n\n\n<p class=\"wp-block-paragraph\">-A fels\u0151 tagozat szakmailag kiv\u00e1l\u00f3an, eredm\u00e9nyesen felk\u00e9sz\u00edti tanul\u00f3inkat a k\u00f6z\u00e9pfok\u00fa tov\u00e1bbtanul\u00e1sra.<\/p>\n\n\n\n<p class=\"wp-block-paragraph\">-Tehets\u00e9ggondoz\u00e1s:<\/p>\n\n\n\n<p class=\"wp-block-paragraph\">-szakk\u00f6ri szinten v\u00e1laszthat\u00f3 els\u0151 oszt\u00e1lyt\u00f3l n\u00e9met illetve angol nyelv, negyedik oszt\u00e1lyt\u00f3l m\u00e1r intenz\u00edvebben tanulj\u00e1k a v\u00e1lasztott idegen nyelvet di\u00e1kjaink<\/p>\n\n\n\n<p class=\"wp-block-paragraph\">-v\u00e1laszthat\u00f3 szakk\u00f6reink: sz\u00ednj\u00e1tsz\u00f3, \u00fcgyes kezek, szorob\u00e1n, hittan, szivacsk\u00e9zi, labdar\u00fag\u00e1s, k\u00e9zilabda, git\u00e1r, \u00e9nekkar, t\u00e1rsasj\u00e1t\u00e9k<\/p>\n\n\n\n<p class=\"wp-block-paragraph\">-sz\u00ednh\u00e1z- \u00e9s m\u00fazeuml\u00e1togat\u00e1s, \u00fasz\u00f3tanfolyam szervez\u00e9se<\/p>\n\n\n\n<p class=\"wp-block-paragraph\">-a p\u00e1pai Allegr\u00f3 m\u0171v\u00e9szeti iskola a Bokr\u00e9ta n\u00e9pt\u00e1ncegy\u00fcttes ut\u00e1np\u00f3tl\u00e1s\u00e1t seg\u00edti<\/p>\n\n\n\n<p class=\"wp-block-paragraph\">-gazdag iskolai \u00e9s iskol\u00e1n k\u00edv\u00fcli programk\u00edn\u00e1latunkkal a k\u00f6z\u00f6ss\u00e9gfejleszt\u00e9s a c\u00e9lunk<\/p>\n\n\n\n<p class=\"wp-block-paragraph\">-tanulm\u00e1nyi, m\u0171v\u00e9szeti, sport versenyeken val\u00f3 eredm\u00e9nyes r\u00e9szv\u00e9tel<\/p>\n\n\n\n<p class=\"wp-block-paragraph\">-k\u00f6z\u00e9piskolai felv\u00e9teli felk\u00e9sz\u00edt\u0151 foglalkoz\u00e1sok v\u00e9gz\u0151s tanul\u00f3inknak.<\/p>\n\n\n\n<p class=\"wp-block-paragraph\">-Felz\u00e1rk\u00f3ztat\u00e1s: a nehezebben tanul\u00f3 gyerekek is megkapj\u00e1k a megfelel\u0151 szakmai seg\u00edts\u00e9get tan\u00f3rai differenci\u00e1lssal, plussz felz\u00e1rk\u00f3ztat\u00f3 \u00f3r\u00e1kkal.<\/p>\n\n\n\n<p class=\"wp-block-paragraph\">-Fejleszt\u00e9s, gy\u00f3gypedag\u00f3gia helyben: a szak\u00e9rt\u0151i v\u00e9lem\u00e9nnyel rendelkez\u0151 tanul\u00f3kkal egy fejleszt\u0151pedag\u00f3gus, h\u00e1rom gy\u00f3gypedag\u00f3gus -k\u00f6z\u00fcl\u00fck ketten autist\u00e1k ell\u00e1t\u00e1s\u00e1val foglalkoznak-, egy oligofr\u00e9n pedag\u00f3gus, egy logop\u00e9dus foglalkozik r\u00e9szleges integr\u00e1ci\u00f3ban; emellett pedag\u00f3giai asszisztens seg\u00edti a gyerekek munk\u00e1j\u00e1t \u00e9s mindennapjait.<\/p>\n\n\n\n<figure class=\"wp-block-embed is-type-video is-provider-youtube wp-block-embed-youtube wp-embed-aspect-16-9 wp-has-aspect-ratio\"><div class=\"wp-block-embed__wrapper\">\n<iframe loading=\"lazy\" title=\"Bemutatkoz\u00f3 vide\u00f3 - Szent Anna Katolikus \u00c1ltal\u00e1nos Iskola \u00e9s \u00d3voda Szany\" width=\"500\" height=\"281\" src=\"https:\/\/www.youtube.com\/embed\/kRws7bpHYL8?feature=oembed\" frameborder=\"0\" allow=\"accelerometer; autoplay; clipboard-write; encrypted-media; gyroscope; picture-in-picture; web-share\" referrerpolicy=\"strict-origin-when-cross-origin\" allowfullscreen><\/iframe>\n<\/div><\/figure>\n","protected":false},"excerpt":{"rendered":"<div class=\"mh-excerpt\"><p>Iskol\u00e1nk 1992. \u00f3ta m\u0171k\u00f6dik katolikus egyh\u00e1zi iskolak\u00e9nt. 1994. augusztus 1-t\u0151l b\u00fcszk\u00e9n viseli Szent Anna nev\u00e9t, aki a hitre val\u00f3 nevel\u00e9s p\u00e9ldak\u00e9pe. Ahogy \u00e9gi nagyany\u00e1nk tan\u00edtotta <a class=\"mh-excerpt-more\" href=\"https:\/\/szentannaszany.hu\/index.php\/bemutatkozas\/\" title=\"Bemutatkoz\u00e1s\">[&#8230;]<\/a><\/p>\n<\/div>","protected":false},"author":1,"featured_media":0,"parent":0,"menu_order":0,"comment_status":"closed","ping_status":"closed","template":"","meta":{"ngg_post_thumbnail":0,"cybocfi_hide_featured_image":"","footnotes":""},"class_list":["post-8","page","type-page","status-publish","hentry"],"_links":{"self":[{"href":"https:\/\/szentannaszany.hu\/index.php\/wp-json\/wp\/v2\/pages\/8","targetHints":{"allow":["GET"]}}],"collection":[{"href":"https:\/\/szentannaszany.hu\/index.php\/wp-json\/wp\/v2\/pages"}],"about":[{"href":"https:\/\/szentannaszany.hu\/index.php\/wp-json\/wp\/v2\/types\/page"}],"author":[{"embeddable":true,"href":"https:\/\/szentannaszany.hu\/index.php\/wp-json\/wp\/v2\/users\/1"}],"replies":[{"embeddable":true,"href":"https:\/\/szentannaszany.hu\/index.php\/wp-json\/wp\/v2\/comments?post=8"}],"version-history":[{"count":4,"href":"https:\/\/szentannaszany.hu\/index.php\/wp-json\/wp\/v2\/pages\/8\/revisions"}],"predecessor-version":[{"id":504,"href":"https:\/\/szentannaszany.hu\/index.php\/wp-json\/wp\/v2\/pages\/8\/revisions\/504"}],"wp:attachment":[{"href":"https:\/\/szentannaszany.hu\/index.php\/wp-json\/wp\/v2\/media?parent=8"}],"curies":[{"name":"wp","href":"https:\/\/api.w.org\/{rel}","templated":true}]}}

Bemutatkozás

<p class="wp-block-paragraph">Iskolánk 1992. óta működik katolikus egyházi iskolaként. 1994. augusztus 1-től büszkén viseli Szent Anna nevét, aki a hitre való nevelés példaképe.</p>



<p class="wp-block-paragraph">Ahogy égi nagyanyánk tanította gyermekét, úgy mi is ezzel a keresztényi hittel és szeretettel oktatjuk, neveljük a rank bízott gyermekeket.</p>



<p class="wp-block-paragraph">Más vallású tanulókat is szívesen fogadunk, vallási szabadságukat tiszteletben tartjuk.</p>



<p class="wp-block-paragraph"></p>



<p class="has-large-font-size wp-block-paragraph"><strong>Miért válasszon minket?</strong></p>



<p class="wp-block-paragraph">-Pedagógusaink<strong> </strong>szakmailag jól képzettek, nagy tapasztalatokkal rendelkeznek, a fiatalok nagyon tehetséges szakemberek, akik szívvel-lélekkel tanítanak, nevelnek.</p>



<p class="wp-block-paragraph">-Tanulóinkat érdeklődésüknek megfelelően készítjük fel a továbbtanulásra. Felvételi előkészítő órákon vesznek részt a 8. osztályosok. Továbbtanulási eredményeink mutatják, hogy megfelelő felkészítés történik iskolánkban.</p>



<p class="wp-block-paragraph">-Barátságos környezet, tágas, zöld udvar, jól felszerelt tantermek, szép folyosók, közösségi terek, várják a gyermekeket. A tantermekben interaktív táblák vannak, amivel az internet adta lehetőségeket is tudjuk biztosítani.</p>



<p class="wp-block-paragraph">-A jövő nemzedékének környezettudatos magatartását iskolakertünk indulásával fejlesztjük.</p>



<p class="wp-block-paragraph">-A busszal közlekedőket kísérjük, a reggeli órákban felnőtt forgalomirányító segít a biztonságos átkelésben.</p>



<p class="wp-block-paragraph">-Hátrányos helyzetű gyermekek felkarolása fontos feladatunk.</p>



<p class="wp-block-paragraph">-Nagy támogatást kapunk az önkormányzatoktól és helyi vállalkozóktól, egyesületektől.</p>



<p class="wp-block-paragraph">-Diákjainknak olyan ismereteket, tudást és emberi mintát adunk, mellyel a magyarság, az emberiség örök és keresztény értékeit közvetítjük: a szeretetet, tiszteletet, becsületet, hitet, munkaerkölcsöt.</p>



<p class="wp-block-paragraph">-Iskolánkban a tanulók teljes személyiségének fejlesztése, korszerű ismereteinek, képességeinek, készségeinek kialakítása és bővítése a legfontosabb pedagógiai feladat.</p>



<p class="wp-block-paragraph">-Nevelőink szellemileg, erkölcsileg és testileg egészséges nemzedéket kívánnak nevelni a ránk bízott gyermekekből.</p>



<p class="wp-block-paragraph">-Az alsó tagozat fő feladata a biztos alapok megteremtése játékos, tapasztalatokon alapuló, változatos tanulásszervezési formákkal.</p>



<p class="wp-block-paragraph">-A felső tagozat szakmailag kiválóan, eredményesen felkészíti tanulóinkat a középfokú továbbtanulásra.</p>



<p class="wp-block-paragraph">-Tehetséggondozás:</p>



<p class="wp-block-paragraph">-szakköri szinten választható első osztálytól német illetve angol nyelv, negyedik osztálytól már intenzívebben tanulják a választott idegen nyelvet diákjaink</p>



<p class="wp-block-paragraph">-választható szakköreink: színjátszó, ügyes kezek, szorobán, hittan, szivacskézi, labdarúgás, kézilabda, gitár, énekkar, társasjáték</p>



<p class="wp-block-paragraph">-színház- és múzeumlátogatás, úszótanfolyam szervezése</p>



<p class="wp-block-paragraph">-a pápai Allegró művészeti iskola a Bokréta néptáncegyüttes utánpótlását segíti</p>



<p class="wp-block-paragraph">-gazdag iskolai és iskolán kívüli programkínálatunkkal a közösségfejlesztés a célunk</p>



<p class="wp-block-paragraph">-tanulmányi, művészeti, sport versenyeken való eredményes részvétel</p>



<p class="wp-block-paragraph">-középiskolai felvételi felkészítő foglalkozások végzős tanulóinknak.</p>



<p class="wp-block-paragraph">-Felzárkóztatás: a nehezebben tanuló gyerekek is megkapják a megfelelő szakmai segítséget tanórai differenciálssal, plussz felzárkóztató órákkal.</p>



<p class="wp-block-paragraph">-Fejlesztés, gyógypedagógia helyben: a szakértői véleménnyel rendelkező tanulókkal egy fejlesztőpedagógus, három gyógypedagógus -közülük ketten autisták ellátásával foglalkoznak-, egy oligofrén pedagógus, egy logopédus foglalkozik részleges integrációban; emellett pedagógiai asszisztens segíti a gyerekek munkáját és mindennapjait.</p>



<figure class="wp-block-embed is-type-video is-provider-youtube wp-block-embed-youtube wp-embed-aspect-16-9 wp-has-aspect-ratio"><div class="wp-block-embed__wrapper">
<iframe loading="lazy" title="Bemutatkozó videó - Szent Anna Katolikus Általános Iskola és Óvoda Szany" width="500" height="281" src="https://www.youtube.com/embed/kRws7bpHYL8?feature=oembed" frameborder="0" allow="accelerometer; autoplay; clipboard-write; encrypted-media; gyroscope; picture-in-picture; web-share" referrerpolicy="strict-origin-when-cross-origin" allowfullscreen></iframe>
</div></figure>

<div class="mh-excerpt"><p>Iskolánk 1992. óta működik katolikus egyházi iskolaként. 1994. augusztus 1-től büszkén viseli Szent Anna nevét, aki a hitre való nevelés példaképe. Ahogy égi nagyanyánk tanította <a class="mh-excerpt-more" href="https://szentannaszany.hu/index.php/bemutatkozas/" title="Bemutatkozás">[&#8230;]</a></p>
</div>
