{"id":592,"date":"2026-02-26T12:49:03","date_gmt":"2026-02-26T12:49:03","guid":{"rendered":"https:\/\/szentannaszany.hu\/?page_id=592"},"modified":"2026-02-26T12:49:03","modified_gmt":"2026-02-26T12:49:03","slug":"ovodai-beiratkozas","status":"publish","type":"page","link":"https:\/\/szentannaszany.hu\/index.php\/ovodai-beiratkozas\/","title":{"rendered":"\u00d3vodai Beiratkoz\u00e1s"},"content":{"rendered":"\n<p class=\"wp-block-paragraph\"><strong>\u00d3VODAI BEIRATKOZ\u00c1S<\/strong> <strong>A SZANYI SZENT ANNA KATOLIKUS \u00d3VOD\u00c1BA<\/strong><\/p>\n\n\n\n<p class=\"wp-block-paragraph\"><strong>A 2026\/2027-es NEVEL\u00c9SI \u00c9VRE<\/strong><\/p>\n\n\n\n<p class=\"wp-block-paragraph\"><strong><u>A j\u00e1tsz\u00f3h\u00e1zzal egybek\u00f6t\u00f6tt beiratkoz\u00e1s id\u0151pontja:<\/u><\/strong><\/p>\n\n\n\n<p class=\"wp-block-paragraph\"><strong>2026. \u00e1prilis 28-29 (kedd- szerda) 10:00-11:30-ig<\/strong><\/p>\n\n\n\n<p class=\"wp-block-paragraph\">Az int\u00e9zm\u00e9ny honlapj\u00e1r\u00f3l let\u00f6lthet\u0151, valamint az \u00f3vod\u00e1ban is el\u0151re k\u00e9rhet\u0151 \u00f3vodai felv\u00e9teli \u00e9s el\u0151jegyz\u00e9si lapot lehet\u0151s\u00e9g szerint kit\u00f6ltve hozz\u00e1k magukkal.<\/p>\n\n\n\n<p class=\"wp-block-paragraph\"><strong><u>A beiratkoz\u00e1s helysz\u00ednei:<\/u><\/strong><\/p>\n\n\n\n<ul class=\"wp-block-list\">\n<li>Szent Anna Katolikus \u00c1ltal\u00e1nos Iskola \u00e9s \u00d3voda Tag\u00f3vod\u00e1ja<\/li>\n<\/ul>\n\n\n\n<p class=\"wp-block-paragraph\">&nbsp;&nbsp;&nbsp;&nbsp;&nbsp; 9317 Szany, Ifj\u00fas\u00e1g u. 3.<\/p>\n\n\n\n<ul class=\"wp-block-list\">\n<li>Szent Anna Katolikus \u00c1ltal\u00e1nos Iskola \u00e9s \u00d3voda Tag\u00f3vod\u00e1j\u00e1nak Egyh\u00e1zaskesz\u0151i Telephelye<\/li>\n<\/ul>\n\n\n\n<p class=\"wp-block-paragraph\">&nbsp;&nbsp;&nbsp;&nbsp;&nbsp; 8523 Egyh\u00e1zaskesz\u0151, Kinizsi u. 7.<\/p>\n\n\n\n<ul class=\"wp-block-list\">\n<li>Szent Anna Katolikus \u00c1ltal\u00e1nos Iskola \u00e9s \u00d3voda Tag\u00f3vod\u00e1j\u00e1nak R\u00e1baszentandr\u00e1si Telephelye<\/li>\n<\/ul>\n\n\n\n<p class=\"wp-block-paragraph\">&nbsp;9316 R\u00e1baszentandr\u00e1s, Kossuth u. 58.<\/p>\n\n\n\n<p class=\"wp-block-paragraph\"><strong><u>A beiratkoz\u00e1shoz sz\u00fcks\u00e9ges dokumentumok:<\/u><\/strong><\/p>\n\n\n\n<ul class=\"wp-block-list\">\n<li>Agyermek szem\u00e9lyi azonos\u00edt\u00f3ja (szem\u00e9lyi igazolv\u00e1ny vagy sz\u00fclet\u00e9si anyak\u00f6nyvi kivonat)<\/li>\n\n\n\n<li>A gyermek TAJ k\u00e1rty\u00e1ja<\/li>\n\n\n\n<li>A gyermek lakc\u00edmk\u00e1rty\u00e1ja<\/li>\n\n\n\n<li>A sz\u00fcl\u0151 szem\u00e9lyi igazolv\u00e1nya, lakc\u00edmk\u00e1rty\u00e1ja<\/li>\n\n\n\n<li>Mindk\u00e9t sz\u00fcl\u0151 e-mail c\u00edme, telefonsz\u00e1ma<\/li>\n<\/ul>\n\n\n\n<p class=\"wp-block-paragraph\"><em>A nemzeti k\u00f6znevel\u00e9sr\u0151l sz\u00f3l\u00f3. 2011. \u00e9vi CXC. t\u00f6rv\u00e9ny 8. \u00a7 (2) bekezd\u00e9se szerint a gyermek abban az \u00e9vben, amelynek augusztus 31. napj\u00e1ig a harmadik \u00e9let\u00e9v\u00e9t bet\u00f6lti (2026.08.31) a nevel\u00e9si \u00e9v kezd\u0151 napj\u00e1t\u00f3l (2026. szeptember 1.) \u00f3vodak\u00f6teless\u00e9 v\u00e1lik, legal\u00e1bb napi n\u00e9gy \u00f3r\u00e1ban \u00f3vodai foglalkoz\u00e1son k\u00f6teles r\u00e9szt venni.<br>Szeretettel v\u00e1rjuk azokat a sz\u00fcl\u0151ket is, akinek gyermeke<\/em><\/p>\n\n\n\n<p class=\"wp-block-paragraph\"><em>2027. augusztus 31-ig t\u00f6lti be a 3. \u00e9let\u00e9vet, \u00e9s k\u00e9rik az \u00f3vodai elhelyez\u00e9st a 2026\/2027. nevel\u00e9si \u00e9vben.<\/em><\/p>\n\n\n\n<p class=\"wp-block-paragraph\"><strong>B\u0151vebb felvil\u00e1gos\u00edt\u00e1s a 06 96\/287-292-es telefonsz\u00e1mon az \u00f3vodavezet\u0151j\u00e9n\u00e9l.<\/strong><\/p>\n\n\n\n<div class=\"wp-block-file\"><a id=\"wp-block-file--media-0effb896-88a5-4320-9bd0-d9241ddbe047\" href=\"https:\/\/szentannaszany.hu\/wp-content\/uploads\/ovodai-felveteli-lap-1.docx\">\u00f3vodai felveteli lap<\/a><a href=\"https:\/\/szentannaszany.hu\/wp-content\/uploads\/ovodai-felveteli-lap-1.docx\" class=\"wp-block-file__button wp-element-button\" download aria-describedby=\"wp-block-file--media-0effb896-88a5-4320-9bd0-d9241ddbe047\">Let\u00f6lt\u00e9s<\/a><\/div>\n","protected":false},"excerpt":{"rendered":"<div class=\"mh-excerpt\"><p>\u00d3VODAI BEIRATKOZ\u00c1S A SZANYI SZENT ANNA KATOLIKUS \u00d3VOD\u00c1BA A 2026\/2027-es NEVEL\u00c9SI \u00c9VRE A j\u00e1tsz\u00f3h\u00e1zzal egybek\u00f6t\u00f6tt beiratkoz\u00e1s id\u0151pontja: 2026. \u00e1prilis 28-29 (kedd- szerda) 10:00-11:30-ig Az int\u00e9zm\u00e9ny <a class=\"mh-excerpt-more\" href=\"https:\/\/szentannaszany.hu\/index.php\/ovodai-beiratkozas\/\" title=\"\u00d3vodai Beiratkoz\u00e1s\">[&#8230;]<\/a><\/p>\n<\/div>","protected":false},"author":1,"featured_media":0,"parent":0,"menu_order":0,"comment_status":"closed","ping_status":"closed","template":"","meta":{"ngg_post_thumbnail":0,"cybocfi_hide_featured_image":"","footnotes":""},"class_list":["post-592","page","type-page","status-publish","hentry"],"_links":{"self":[{"href":"https:\/\/szentannaszany.hu\/index.php\/wp-json\/wp\/v2\/pages\/592","targetHints":{"allow":["GET"]}}],"collection":[{"href":"https:\/\/szentannaszany.hu\/index.php\/wp-json\/wp\/v2\/pages"}],"about":[{"href":"https:\/\/szentannaszany.hu\/index.php\/wp-json\/wp\/v2\/types\/page"}],"author":[{"embeddable":true,"href":"https:\/\/szentannaszany.hu\/index.php\/wp-json\/wp\/v2\/users\/1"}],"replies":[{"embeddable":true,"href":"https:\/\/szentannaszany.hu\/index.php\/wp-json\/wp\/v2\/comments?post=592"}],"version-history":[{"count":1,"href":"https:\/\/szentannaszany.hu\/index.php\/wp-json\/wp\/v2\/pages\/592\/revisions"}],"predecessor-version":[{"id":594,"href":"https:\/\/szentannaszany.hu\/index.php\/wp-json\/wp\/v2\/pages\/592\/revisions\/594"}],"wp:attachment":[{"href":"https:\/\/szentannaszany.hu\/index.php\/wp-json\/wp\/v2\/media?parent=592"}],"curies":[{"name":"wp","href":"https:\/\/api.w.org\/{rel}","templated":true}]}}

Óvodai Beiratkozás

<p class="wp-block-paragraph"><strong>ÓVODAI BEIRATKOZÁS</strong> <strong>A SZANYI SZENT ANNA KATOLIKUS ÓVODÁBA</strong></p>



<p class="wp-block-paragraph"><strong>A 2026/2027-es NEVELÉSI ÉVRE</strong></p>



<p class="wp-block-paragraph"><strong><u>A játszóházzal egybekötött beiratkozás időpontja:</u></strong></p>



<p class="wp-block-paragraph"><strong>2026. április 28-29 (kedd- szerda) 10:00-11:30-ig</strong></p>



<p class="wp-block-paragraph">Az intézmény honlapjáról letölthető, valamint az óvodában is előre kérhető óvodai felvételi és előjegyzési lapot lehetőség szerint kitöltve hozzák magukkal.</p>



<p class="wp-block-paragraph"><strong><u>A beiratkozás helyszínei:</u></strong></p>



<ul class="wp-block-list">
<li>Szent Anna Katolikus Általános Iskola és Óvoda Tagóvodája</li>
</ul>



<p class="wp-block-paragraph">&nbsp;&nbsp;&nbsp;&nbsp;&nbsp; 9317 Szany, Ifjúság u. 3.</p>



<ul class="wp-block-list">
<li>Szent Anna Katolikus Általános Iskola és Óvoda Tagóvodájának Egyházaskeszői Telephelye</li>
</ul>



<p class="wp-block-paragraph">&nbsp;&nbsp;&nbsp;&nbsp;&nbsp; 8523 Egyházaskesző, Kinizsi u. 7.</p>



<ul class="wp-block-list">
<li>Szent Anna Katolikus Általános Iskola és Óvoda Tagóvodájának Rábaszentandrási Telephelye</li>
</ul>



<p class="wp-block-paragraph">&nbsp;9316 Rábaszentandrás, Kossuth u. 58.</p>



<p class="wp-block-paragraph"><strong><u>A beiratkozáshoz szükséges dokumentumok:</u></strong></p>



<ul class="wp-block-list">
<li>Agyermek személyi azonosítója (személyi igazolvány vagy születési anyakönyvi kivonat)</li>



<li>A gyermek TAJ kártyája</li>



<li>A gyermek lakcímkártyája</li>



<li>A szülő személyi igazolványa, lakcímkártyája</li>



<li>Mindkét szülő e-mail címe, telefonszáma</li>
</ul>



<p class="wp-block-paragraph"><em>A nemzeti köznevelésről szóló. 2011. évi CXC. törvény 8. § (2) bekezdése szerint a gyermek abban az évben, amelynek augusztus 31. napjáig a harmadik életévét betölti (2026.08.31) a nevelési év kezdő napjától (2026. szeptember 1.) óvodakötelessé válik, legalább napi négy órában óvodai foglalkozáson köteles részt venni.<br>Szeretettel várjuk azokat a szülőket is, akinek gyermeke</em></p>



<p class="wp-block-paragraph"><em>2027. augusztus 31-ig tölti be a 3. életévet, és kérik az óvodai elhelyezést a 2026/2027. nevelési évben.</em></p>



<p class="wp-block-paragraph"><strong>Bővebb felvilágosítás a 06 96/287-292-es telefonszámon az óvodavezetőjénél.</strong></p>



<div class="wp-block-file"><a id="wp-block-file--media-0effb896-88a5-4320-9bd0-d9241ddbe047" href="https://szentannaszany.hu/wp-content/uploads/ovodai-felveteli-lap-1.docx">óvodai felveteli lap</a><a href="https://szentannaszany.hu/wp-content/uploads/ovodai-felveteli-lap-1.docx" class="wp-block-file__button wp-element-button" download aria-describedby="wp-block-file--media-0effb896-88a5-4320-9bd0-d9241ddbe047">Letöltés</a></div>

<div class="mh-excerpt"><p>ÓVODAI BEIRATKOZÁS A SZANYI SZENT ANNA KATOLIKUS ÓVODÁBA A 2026/2027-es NEVELÉSI ÉVRE A játszóházzal egybekötött beiratkozás időpontja: 2026. április 28-29 (kedd- szerda) 10:00-11:30-ig Az intézmény <a class="mh-excerpt-more" href="https://szentannaszany.hu/index.php/ovodai-beiratkozas/" title="Óvodai Beiratkozás">[&#8230;]</a></p>
</div>
