{"id":278,"date":"2023-05-11T11:51:37","date_gmt":"2023-05-11T11:51:37","guid":{"rendered":"https:\/\/szentannaszany.hu\/?page_id=278"},"modified":"2023-05-11T12:17:19","modified_gmt":"2023-05-11T12:17:19","slug":"ovi_szolgaltatasok","status":"publish","type":"page","link":"https:\/\/szentannaszany.hu\/index.php\/ovoda_bemutatkozas\/ovi_szolgaltatasok\/","title":{"rendered":"Szolg\u00e1ltat\u00e1sok"},"content":{"rendered":"\n<p class=\"wp-block-paragraph\"><strong>Az \u00f3voda t\u00e9r\u00edt\u00e9smentes szolg\u00e1ltat\u00e1sai:<\/strong><\/p>\n\n\n\n<ul class=\"wp-block-list\">\n<li>N\u00e9pi j\u00e1t\u00e9k, gyermekt\u00e1nc foglalkoz\u00e1sok nagycsoportosoknak (Szany) heti egy \u00f3r\u00e1ban<\/li>\n<\/ul>\n\n\n\n<p class=\"wp-block-paragraph\">&nbsp;&nbsp;&nbsp;&nbsp;&nbsp;&nbsp;&nbsp;Vezeti: Orb\u00e1nn\u00e9 Nagy Hajnalka \u00f3vodapedag\u00f3gus<\/p>\n\n\n\n<p class=\"wp-block-paragraph\"><\/p>\n\n\n\n<ul class=\"wp-block-list\">\n<li>Logop\u00e9dia nagycsoportosoknak<\/li>\n<\/ul>\n\n\n\n<p class=\"wp-block-paragraph\">&nbsp;&nbsp;&nbsp;&nbsp;&nbsp;&nbsp;&nbsp;Vezeti: Kir\u00e1ly-Csik\u00f3s Nikolett logop\u00e9dus<\/p>\n\n\n\n<p class=\"wp-block-paragraph\"><\/p>\n\n\n\n<ul class=\"wp-block-list\">\n<li>Fejleszt\u0151 felk\u00e9sz\u00edt\u00e9s 5 \u00e9ves kort\u00f3l, Tehets\u00e9ggondoz\u00e1s<\/li>\n<\/ul>\n\n\n\n<p class=\"wp-block-paragraph\">&nbsp;&nbsp;&nbsp;&nbsp;&nbsp;&nbsp;&nbsp;Vezeti: \u00c9l\u0151n\u00e9 Heged\u0171s Ren\u00e1ta fejleszt\u0151 pedag\u00f3gus<\/p>\n\n\n\n<p class=\"wp-block-paragraph\"><\/p>\n\n\n\n<ul class=\"wp-block-list\">\n<li>Gy\u00f3gypedag\u00f3giai fejleszt\u00e9s saj\u00e1tos nevel\u00e9si ig\u00e9ny\u0171 gyermek r\u00e9sz\u00e9re<\/li>\n<\/ul>\n\n\n\n<p class=\"wp-block-paragraph\">&nbsp;&nbsp;&nbsp;&nbsp;&nbsp;&nbsp;&nbsp;Vezeti: Varga Gy\u00f6rgyn\u00e9 gy\u00f3gypedag\u00f3gus, logop\u00e9dus, Tak\u00e1cs Annam\u00e1ria fejleszt\u0151pedag\u00f3gus<\/p>\n\n\n\n<p class=\"wp-block-paragraph\"><\/p>\n\n\n\n<ul class=\"wp-block-list\">\n<li>Ovifoci<\/li>\n<\/ul>\n\n\n\n<p class=\"wp-block-paragraph\">&nbsp;&nbsp;&nbsp;&nbsp;&nbsp;&nbsp;&nbsp;Vezeti: Varga Gy\u00f6rgy pedag\u00f3gus<\/p>\n\n\n\n<p class=\"wp-block-paragraph\"><\/p>\n\n\n\n<ul class=\"wp-block-list\">\n<li>Alkalomszer\u0171en zen\u00e9s bemutat\u00f3k, b\u00e1bsz\u00ednh\u00e1zak<\/li>\n<\/ul>\n\n\n\n<p class=\"wp-block-paragraph\"><\/p>\n\n\n\n<p class=\"wp-block-paragraph\"><strong>Az \u00f3voda t\u00e9r\u00edt\u00e9ses szolg\u00e1ltat\u00e1sai:<\/strong><\/p>\n\n\n\n<ul class=\"wp-block-list\">\n<li>\u00dasz\u00e1s a P\u00e1pai uszod\u00e1ban \u00e9vente egy, vagy k\u00e9t alkalommal 10 \u00f3r\u00e1s tanfolyam<\/li>\n<\/ul>\n\n\n\n<ul class=\"wp-block-list\">\n<li>Sz\u00ednh\u00e1zb\u00e9rlet a P\u00e1pai Sz\u00ednh\u00e1zba<\/li>\n<\/ul>\n\n\n\n<ul class=\"wp-block-list\">\n<li>Alkalomszer\u0171en helyben megtartott sz\u00ednh\u00e1zi, b\u00e1bsz\u00ednh\u00e1zi el\u0151ad\u00e1sok, koncertek<\/li>\n<\/ul>\n\n\n\n<ul class=\"wp-block-list\">\n<li>J\u00e1t\u00e9kos tart\u00e1s jav\u00edt\u00f3 torna heti egy \u00f3r\u00e1ban<\/li>\n<\/ul>\n\n\n\n<p class=\"wp-block-paragraph\">&nbsp;&nbsp;&nbsp;&nbsp;&nbsp;&nbsp;&nbsp;Vezeti: Heged\u00fcsn\u00e9 \u00c1d\u00e1m Adrienn testnevel\u0151 pedag\u00f3gus<\/p>\n\n\n\n<ul class=\"wp-block-list\">\n<li>J\u00e1t\u00e9kos angol<\/li>\n<\/ul>\n\n\n\n<p class=\"wp-block-paragraph\">&nbsp;&nbsp;&nbsp;&nbsp;&nbsp;&nbsp;&nbsp;Vezeti: N\u00e9meth- Gy\u0151ri Vivien angol specializ\u00e1ci\u00f3s \u00f3vodapedag\u00f3gus<\/p>\n","protected":false},"excerpt":{"rendered":"<div class=\"mh-excerpt\"><p>Az \u00f3voda t\u00e9r\u00edt\u00e9smentes szolg\u00e1ltat\u00e1sai: &nbsp;&nbsp;&nbsp;&nbsp;&nbsp;&nbsp;&nbsp;Vezeti: Orb\u00e1nn\u00e9 Nagy Hajnalka \u00f3vodapedag\u00f3gus &nbsp;&nbsp;&nbsp;&nbsp;&nbsp;&nbsp;&nbsp;Vezeti: Kir\u00e1ly-Csik\u00f3s Nikolett logop\u00e9dus &nbsp;&nbsp;&nbsp;&nbsp;&nbsp;&nbsp;&nbsp;Vezeti: \u00c9l\u0151n\u00e9 Heged\u0171s Ren\u00e1ta fejleszt\u0151 pedag\u00f3gus &nbsp;&nbsp;&nbsp;&nbsp;&nbsp;&nbsp;&nbsp;Vezeti: Varga Gy\u00f6rgyn\u00e9 gy\u00f3gypedag\u00f3gus, logop\u00e9dus, Tak\u00e1cs <a class=\"mh-excerpt-more\" href=\"https:\/\/szentannaszany.hu\/index.php\/ovoda_bemutatkozas\/ovi_szolgaltatasok\/\" title=\"Szolg\u00e1ltat\u00e1sok\">[&#8230;]<\/a><\/p>\n<\/div>","protected":false},"author":1,"featured_media":0,"parent":265,"menu_order":0,"comment_status":"closed","ping_status":"closed","template":"","meta":{"ngg_post_thumbnail":0,"cybocfi_hide_featured_image":"","footnotes":""},"class_list":["post-278","page","type-page","status-publish","hentry"],"_links":{"self":[{"href":"https:\/\/szentannaszany.hu\/index.php\/wp-json\/wp\/v2\/pages\/278","targetHints":{"allow":["GET"]}}],"collection":[{"href":"https:\/\/szentannaszany.hu\/index.php\/wp-json\/wp\/v2\/pages"}],"about":[{"href":"https:\/\/szentannaszany.hu\/index.php\/wp-json\/wp\/v2\/types\/page"}],"author":[{"embeddable":true,"href":"https:\/\/szentannaszany.hu\/index.php\/wp-json\/wp\/v2\/users\/1"}],"replies":[{"embeddable":true,"href":"https:\/\/szentannaszany.hu\/index.php\/wp-json\/wp\/v2\/comments?post=278"}],"version-history":[{"count":6,"href":"https:\/\/szentannaszany.hu\/index.php\/wp-json\/wp\/v2\/pages\/278\/revisions"}],"predecessor-version":[{"id":293,"href":"https:\/\/szentannaszany.hu\/index.php\/wp-json\/wp\/v2\/pages\/278\/revisions\/293"}],"up":[{"embeddable":true,"href":"https:\/\/szentannaszany.hu\/index.php\/wp-json\/wp\/v2\/pages\/265"}],"wp:attachment":[{"href":"https:\/\/szentannaszany.hu\/index.php\/wp-json\/wp\/v2\/media?parent=278"}],"curies":[{"name":"wp","href":"https:\/\/api.w.org\/{rel}","templated":true}]}}

Szolgáltatások

<p class="wp-block-paragraph"><strong>Az óvoda térítésmentes szolgáltatásai:</strong></p>



<ul class="wp-block-list">
<li>Népi játék, gyermektánc foglalkozások nagycsoportosoknak (Szany) heti egy órában</li>
</ul>



<p class="wp-block-paragraph">&nbsp;&nbsp;&nbsp;&nbsp;&nbsp;&nbsp;&nbsp;Vezeti: Orbánné Nagy Hajnalka óvodapedagógus</p>



<p class="wp-block-paragraph"></p>



<ul class="wp-block-list">
<li>Logopédia nagycsoportosoknak</li>
</ul>



<p class="wp-block-paragraph">&nbsp;&nbsp;&nbsp;&nbsp;&nbsp;&nbsp;&nbsp;Vezeti: Király-Csikós Nikolett logopédus</p>



<p class="wp-block-paragraph"></p>



<ul class="wp-block-list">
<li>Fejlesztő felkészítés 5 éves kortól, Tehetséggondozás</li>
</ul>



<p class="wp-block-paragraph">&nbsp;&nbsp;&nbsp;&nbsp;&nbsp;&nbsp;&nbsp;Vezeti: Élőné Hegedűs Renáta fejlesztő pedagógus</p>



<p class="wp-block-paragraph"></p>



<ul class="wp-block-list">
<li>Gyógypedagógiai fejlesztés sajátos nevelési igényű gyermek részére</li>
</ul>



<p class="wp-block-paragraph">&nbsp;&nbsp;&nbsp;&nbsp;&nbsp;&nbsp;&nbsp;Vezeti: Varga Györgyné gyógypedagógus, logopédus, Takács Annamária fejlesztőpedagógus</p>



<p class="wp-block-paragraph"></p>



<ul class="wp-block-list">
<li>Ovifoci</li>
</ul>



<p class="wp-block-paragraph">&nbsp;&nbsp;&nbsp;&nbsp;&nbsp;&nbsp;&nbsp;Vezeti: Varga György pedagógus</p>



<p class="wp-block-paragraph"></p>



<ul class="wp-block-list">
<li>Alkalomszerűen zenés bemutatók, bábszínházak</li>
</ul>



<p class="wp-block-paragraph"></p>



<p class="wp-block-paragraph"><strong>Az óvoda térítéses szolgáltatásai:</strong></p>



<ul class="wp-block-list">
<li>Úszás a Pápai uszodában évente egy, vagy két alkalommal 10 órás tanfolyam</li>
</ul>



<ul class="wp-block-list">
<li>Színházbérlet a Pápai Színházba</li>
</ul>



<ul class="wp-block-list">
<li>Alkalomszerűen helyben megtartott színházi, bábszínházi előadások, koncertek</li>
</ul>



<ul class="wp-block-list">
<li>Játékos tartás javító torna heti egy órában</li>
</ul>



<p class="wp-block-paragraph">&nbsp;&nbsp;&nbsp;&nbsp;&nbsp;&nbsp;&nbsp;Vezeti: Hegedüsné Ádám Adrienn testnevelő pedagógus</p>



<ul class="wp-block-list">
<li>Játékos angol</li>
</ul>



<p class="wp-block-paragraph">&nbsp;&nbsp;&nbsp;&nbsp;&nbsp;&nbsp;&nbsp;Vezeti: Németh- Győri Vivien angol specializációs óvodapedagógus</p>

<div class="mh-excerpt"><p>Az óvoda térítésmentes szolgáltatásai: &nbsp;&nbsp;&nbsp;&nbsp;&nbsp;&nbsp;&nbsp;Vezeti: Orbánné Nagy Hajnalka óvodapedagógus &nbsp;&nbsp;&nbsp;&nbsp;&nbsp;&nbsp;&nbsp;Vezeti: Király-Csikós Nikolett logopédus &nbsp;&nbsp;&nbsp;&nbsp;&nbsp;&nbsp;&nbsp;Vezeti: Élőné Hegedűs Renáta fejlesztő pedagógus &nbsp;&nbsp;&nbsp;&nbsp;&nbsp;&nbsp;&nbsp;Vezeti: Varga Györgyné gyógypedagógus, logopédus, Takács <a class="mh-excerpt-more" href="https://szentannaszany.hu/index.php/ovoda_bemutatkozas/ovi_szolgaltatasok/" title="Szolgáltatások">[&#8230;]</a></p>
</div>
