{"id":272,"date":"2023-05-11T11:47:09","date_gmt":"2023-05-11T11:47:09","guid":{"rendered":"https:\/\/szentannaszany.hu\/?page_id=272"},"modified":"2026-02-26T12:24:41","modified_gmt":"2026-02-26T12:24:41","slug":"ovi_dolgozoink","status":"publish","type":"page","link":"https:\/\/szentannaszany.hu\/index.php\/ovoda_bemutatkozas\/ovi_dolgozoink\/","title":{"rendered":"Dolgoz\u00f3ink"},"content":{"rendered":"\n<p class=\"wp-block-paragraph\"><strong>\u00d3VOD\u00c1NK DOLGOZ\u00d3I:<\/strong><\/p>\n\n\n\n<p class=\"wp-block-paragraph\"><strong><em>Szany:<\/em><\/strong><\/p>\n\n\n\n<ul class=\"wp-block-list\">\n<li>T\u00f6rekin\u00e9 P\u00e9ter Edit tagint\u00e9zm\u00e9ny-igazgat\u00f3<\/li>\n<\/ul>\n\n\n\n<p class=\"wp-block-paragraph\">Nyuszi csoport:<\/p>\n\n\n\n<ul class=\"wp-block-list\">\n<li>Varjasn\u00e9 Vir\u00e1gh Erzs\u00e9bet \u00f3vodapedag\u00f3gus<\/li>\n\n\n\n<li>Varga Fanni \u00f3vodapedag\u00f3gus<\/li>\n\n\n\n<li>Ruglin\u00e9 Strausz Gabriella dajka<\/li>\n<\/ul>\n\n\n\n<p class=\"wp-block-paragraph\">M\u00f3kus csoport:<\/p>\n\n\n\n<ul class=\"wp-block-list\">\n<li>Orb\u00e1nn\u00e9 Nagy Hajnalka \u00f3vodapedag\u00f3gus<\/li>\n\n\n\n<li>Hegyi Ilona \u00f3vodapedag\u00f3gus<\/li>\n\n\n\n<li>Varga-V\u00e1mos \u00c1gnes dajka<\/li>\n<\/ul>\n\n\n\n<p class=\"wp-block-paragraph\">Maci csoport:<\/p>\n\n\n\n<ul class=\"wp-block-list\">\n<li>Varga- Bejczy Di\u00e1na \u00f3vodapedag\u00f3gus<\/li>\n\n\n\n<li>Szij\u00e1rt\u00f3 Izabella \u00f3vodapedag\u00f3gus<\/li>\n\n\n\n<li>Kat\u00f3n\u00e9 Orb\u00e1n M\u00e1rta dajka<\/li>\n\n\n\n<li>Nagyfi Luca pedag\u00f3giai asszisztens<\/li>\n<\/ul>\n\n\n\n<p class=\"wp-block-paragraph\">S\u00fcni csoport:<\/p>\n\n\n\n<ul class=\"wp-block-list\">\n<li>Horv\u00e1th Ildik\u00f3 \u00f3vodapedag\u00f3gus<\/li>\n\n\n\n<li>Kem\u00e9ny G\u00e1born\u00e9 \u00f3vodapedag\u00f3gus<\/li>\n\n\n\n<li>N\u00e9meth Anita Anna pedag\u00f3giai asszisztens<\/li>\n\n\n\n<li>Szab\u00f3n\u00e9 T\u00f6reki T\u00edmea dajka<\/li>\n<\/ul>\n\n\n\n<p class=\"wp-block-paragraph\"><strong><em>R\u00e1baszentandr\u00e1s:<\/em><\/strong><\/p>\n\n\n\n<p class=\"wp-block-paragraph\">Pillang\u00f3 csoport:<\/p>\n\n\n\n<ul class=\"wp-block-list\">\n<li>Gy\u0151rfi M\u00f3nika \u00f3vodapedag\u00f3gus<\/li>\n\n\n\n<li>G\u00e1ncs Ad\u00e9l pedag\u00f3giai asszisztens<\/li>\n\n\n\n<li>Varg\u00e1n\u00e9 T\u00f3th Enik\u0151 dajka<\/li>\n<\/ul>\n\n\n\n<p class=\"wp-block-paragraph\"><strong><em>Egyh\u00e1zaskesz\u0151:<\/em><\/strong><\/p>\n\n\n\n<p class=\"wp-block-paragraph\">H\u00e9tpettyes katica csoport:<\/p>\n\n\n\n<ul class=\"wp-block-list\">\n<li>Amberg Anita \u00f3vodapedag\u00f3gus<\/li>\n\n\n\n<li>Nagy-Kov\u00e1cs Vikt\u00f3ria \u00f3vodapedag\u00f3gus<\/li>\n\n\n\n<li>T\u00f6reki Zs\u00f3fia gy\u00f3gypedag\u00f3giai asszisztens<\/li>\n\n\n\n<li>Sebesty\u00e9nn\u00e9 Jambrik Ren\u00e1ta dajka<\/li>\n<\/ul>\n","protected":false},"excerpt":{"rendered":"<div class=\"mh-excerpt\"><p>\u00d3VOD\u00c1NK DOLGOZ\u00d3I: Szany: Nyuszi csoport: M\u00f3kus csoport: Maci csoport: S\u00fcni csoport: R\u00e1baszentandr\u00e1s: Pillang\u00f3 csoport: Egyh\u00e1zaskesz\u0151: H\u00e9tpettyes katica csoport:<\/p>\n<\/div>","protected":false},"author":1,"featured_media":0,"parent":265,"menu_order":0,"comment_status":"closed","ping_status":"closed","template":"","meta":{"ngg_post_thumbnail":0,"cybocfi_hide_featured_image":"","footnotes":""},"class_list":["post-272","page","type-page","status-publish","hentry"],"_links":{"self":[{"href":"https:\/\/szentannaszany.hu\/index.php\/wp-json\/wp\/v2\/pages\/272","targetHints":{"allow":["GET"]}}],"collection":[{"href":"https:\/\/szentannaszany.hu\/index.php\/wp-json\/wp\/v2\/pages"}],"about":[{"href":"https:\/\/szentannaszany.hu\/index.php\/wp-json\/wp\/v2\/types\/page"}],"author":[{"embeddable":true,"href":"https:\/\/szentannaszany.hu\/index.php\/wp-json\/wp\/v2\/users\/1"}],"replies":[{"embeddable":true,"href":"https:\/\/szentannaszany.hu\/index.php\/wp-json\/wp\/v2\/comments?post=272"}],"version-history":[{"count":6,"href":"https:\/\/szentannaszany.hu\/index.php\/wp-json\/wp\/v2\/pages\/272\/revisions"}],"predecessor-version":[{"id":584,"href":"https:\/\/szentannaszany.hu\/index.php\/wp-json\/wp\/v2\/pages\/272\/revisions\/584"}],"up":[{"embeddable":true,"href":"https:\/\/szentannaszany.hu\/index.php\/wp-json\/wp\/v2\/pages\/265"}],"wp:attachment":[{"href":"https:\/\/szentannaszany.hu\/index.php\/wp-json\/wp\/v2\/media?parent=272"}],"curies":[{"name":"wp","href":"https:\/\/api.w.org\/{rel}","templated":true}]}}

Dolgozóink

<p class="wp-block-paragraph"><strong>ÓVODÁNK DOLGOZÓI:</strong></p>



<p class="wp-block-paragraph"><strong><em>Szany:</em></strong></p>



<ul class="wp-block-list">
<li>Törekiné Péter Edit tagintézmény-igazgató</li>
</ul>



<p class="wp-block-paragraph">Nyuszi csoport:</p>



<ul class="wp-block-list">
<li>Varjasné Virágh Erzsébet óvodapedagógus</li>



<li>Varga Fanni óvodapedagógus</li>



<li>Rugliné Strausz Gabriella dajka</li>
</ul>



<p class="wp-block-paragraph">Mókus csoport:</p>



<ul class="wp-block-list">
<li>Orbánné Nagy Hajnalka óvodapedagógus</li>



<li>Hegyi Ilona óvodapedagógus</li>



<li>Varga-Vámos Ágnes dajka</li>
</ul>



<p class="wp-block-paragraph">Maci csoport:</p>



<ul class="wp-block-list">
<li>Varga- Bejczy Diána óvodapedagógus</li>



<li>Szijártó Izabella óvodapedagógus</li>



<li>Katóné Orbán Márta dajka</li>



<li>Nagyfi Luca pedagógiai asszisztens</li>
</ul>



<p class="wp-block-paragraph">Süni csoport:</p>



<ul class="wp-block-list">
<li>Horváth Ildikó óvodapedagógus</li>



<li>Kemény Gáborné óvodapedagógus</li>



<li>Németh Anita Anna pedagógiai asszisztens</li>



<li>Szabóné Töreki Tímea dajka</li>
</ul>



<p class="wp-block-paragraph"><strong><em>Rábaszentandrás:</em></strong></p>



<p class="wp-block-paragraph">Pillangó csoport:</p>



<ul class="wp-block-list">
<li>Győrfi Mónika óvodapedagógus</li>



<li>Gáncs Adél pedagógiai asszisztens</li>



<li>Vargáné Tóth Enikő dajka</li>
</ul>



<p class="wp-block-paragraph"><strong><em>Egyházaskesző:</em></strong></p>



<p class="wp-block-paragraph">Hétpettyes katica csoport:</p>



<ul class="wp-block-list">
<li>Amberg Anita óvodapedagógus</li>



<li>Nagy-Kovács Viktória óvodapedagógus</li>



<li>Töreki Zsófia gyógypedagógiai asszisztens</li>



<li>Sebestyénné Jambrik Renáta dajka</li>
</ul>

<div class="mh-excerpt"><p>ÓVODÁNK DOLGOZÓI: Szany: Nyuszi csoport: Mókus csoport: Maci csoport: Süni csoport: Rábaszentandrás: Pillangó csoport: Egyházaskesző: Hétpettyes katica csoport:</p>
</div>
