{"id":268,"date":"2023-05-11T11:22:23","date_gmt":"2023-05-11T11:22:23","guid":{"rendered":"https:\/\/szentannaszany.hu\/?page_id=268"},"modified":"2026-02-26T12:21:07","modified_gmt":"2026-02-26T12:21:07","slug":"ovi_kapcsolat","status":"publish","type":"page","link":"https:\/\/szentannaszany.hu\/index.php\/ovoda_bemutatkozas\/ovi_kapcsolat\/","title":{"rendered":"Kapcsolat"},"content":{"rendered":"\n<p class=\"wp-block-paragraph\"><strong>Sz\u00e9khely, szanyi tag\u00f3voda:<\/strong><\/p>\n\n\n\n<p class=\"wp-block-paragraph\">Szent Anna Katolikus \u00c1ltal\u00e1nos Iskola \u00e9s \u00d3voda Tag\u00f3vod\u00e1ja<\/p>\n\n\n\n<p class=\"wp-block-paragraph\">9317 Szany, Ifj\u00fas\u00e1g u. 3.<\/p>\n\n\n\n<p class=\"wp-block-paragraph\">Tel: 96\/287-292<\/p>\n\n\n\n<p class=\"wp-block-paragraph\">Email: szanyovi@gmail.com<\/p>\n\n\n\n<p class=\"wp-block-paragraph\">Tagint\u00e9zm\u00e9ny-igazgat\u00f3: T\u00f6rekin\u00e9 P\u00e9ter Edit<\/p>\n\n\n\n<p class=\"wp-block-paragraph\"><\/p>\n\n\n\n<p class=\"wp-block-paragraph\"><strong>R\u00e1baszentrand\u00e1si telephely:<\/strong><\/p>\n\n\n\n<p class=\"wp-block-paragraph\">Szent Anna Katolikus \u00c1ltal\u00e1nos Iskola \u00e9s \u00d3voda Tag\u00f3vod\u00e1j\u00e1nak R\u00e1baszentandr\u00e1si Telephely<strong><strong>e<\/strong><\/strong><\/p>\n\n\n\n<p class=\"wp-block-paragraph\">9316 R\u00e1baszentandr\u00e1s, Kossuth u. 58.<\/p>\n\n\n\n<p class=\"wp-block-paragraph\">Tel: 06-30\/824-6767<\/p>\n\n\n\n<p class=\"wp-block-paragraph\"><\/p>\n\n\n\n<p class=\"wp-block-paragraph\"><strong>Egyh\u00e1zaskesz\u0151i telephely:<\/strong><\/p>\n\n\n\n<p class=\"wp-block-paragraph\">Szent Anna Katolikus \u00c1ltal\u00e1nos Iskola \u00e9s \u00d3voda Tag\u00f3vod\u00e1j\u00e1nak Egyh\u00e1zaskesz\u0151i Telephelye<\/p>\n\n\n\n<p class=\"wp-block-paragraph\">8523 Egyh\u00e1zaskesz\u0151, Kinizsi u. 7.<\/p>\n\n\n\n<p class=\"wp-block-paragraph\"><\/p>\n\n\n\n<p class=\"wp-block-paragraph\"><strong>OM-azonos\u00edt\u00f3sz\u00e1m:&nbsp;&nbsp;&nbsp;&nbsp;&nbsp;&nbsp;&nbsp;&nbsp;&nbsp;&nbsp; 030578<\/strong><\/p>\n","protected":false},"excerpt":{"rendered":"<div class=\"mh-excerpt\"><p>Sz\u00e9khely, szanyi tag\u00f3voda: Szent Anna Katolikus \u00c1ltal\u00e1nos Iskola \u00e9s \u00d3voda Tag\u00f3vod\u00e1ja 9317 Szany, Ifj\u00fas\u00e1g u. 3. Tel: 96\/287-292 Email: szanyovi@gmail.com Tagint\u00e9zm\u00e9ny-igazgat\u00f3: T\u00f6rekin\u00e9 P\u00e9ter Edit R\u00e1baszentrand\u00e1si <a class=\"mh-excerpt-more\" href=\"https:\/\/szentannaszany.hu\/index.php\/ovoda_bemutatkozas\/ovi_kapcsolat\/\" title=\"Kapcsolat\">[&#8230;]<\/a><\/p>\n<\/div>","protected":false},"author":1,"featured_media":0,"parent":265,"menu_order":0,"comment_status":"closed","ping_status":"closed","template":"","meta":{"ngg_post_thumbnail":0,"cybocfi_hide_featured_image":"","footnotes":""},"class_list":["post-268","page","type-page","status-publish","hentry"],"_links":{"self":[{"href":"https:\/\/szentannaszany.hu\/index.php\/wp-json\/wp\/v2\/pages\/268","targetHints":{"allow":["GET"]}}],"collection":[{"href":"https:\/\/szentannaszany.hu\/index.php\/wp-json\/wp\/v2\/pages"}],"about":[{"href":"https:\/\/szentannaszany.hu\/index.php\/wp-json\/wp\/v2\/types\/page"}],"author":[{"embeddable":true,"href":"https:\/\/szentannaszany.hu\/index.php\/wp-json\/wp\/v2\/users\/1"}],"replies":[{"embeddable":true,"href":"https:\/\/szentannaszany.hu\/index.php\/wp-json\/wp\/v2\/comments?post=268"}],"version-history":[{"count":5,"href":"https:\/\/szentannaszany.hu\/index.php\/wp-json\/wp\/v2\/pages\/268\/revisions"}],"predecessor-version":[{"id":580,"href":"https:\/\/szentannaszany.hu\/index.php\/wp-json\/wp\/v2\/pages\/268\/revisions\/580"}],"up":[{"embeddable":true,"href":"https:\/\/szentannaszany.hu\/index.php\/wp-json\/wp\/v2\/pages\/265"}],"wp:attachment":[{"href":"https:\/\/szentannaszany.hu\/index.php\/wp-json\/wp\/v2\/media?parent=268"}],"curies":[{"name":"wp","href":"https:\/\/api.w.org\/{rel}","templated":true}]}}

<p class="wp-block-paragraph"><strong>Székhely, szanyi tagóvoda:</strong></p>



<p class="wp-block-paragraph">Szent Anna Katolikus Általános Iskola és Óvoda Tagóvodája</p>



<p class="wp-block-paragraph">9317 Szany, Ifjúság u. 3.</p>



<p class="wp-block-paragraph">Tel: 96/287-292</p>



<p class="wp-block-paragraph">Email: szanyovi@gmail.com</p>



<p class="wp-block-paragraph">Tagintézmény-igazgató: Törekiné Péter Edit</p>



<p class="wp-block-paragraph"></p>



<p class="wp-block-paragraph"><strong>Rábaszentrandási telephely:</strong></p>



<p class="wp-block-paragraph">Szent Anna Katolikus Általános Iskola és Óvoda Tagóvodájának Rábaszentandrási Telephely<strong><strong>e</strong></strong></p>



<p class="wp-block-paragraph">9316 Rábaszentandrás, Kossuth u. 58.</p>



<p class="wp-block-paragraph">Tel: 06-30/824-6767</p>



<p class="wp-block-paragraph"></p>



<p class="wp-block-paragraph"><strong>Egyházaskeszői telephely:</strong></p>



<p class="wp-block-paragraph">Szent Anna Katolikus Általános Iskola és Óvoda Tagóvodájának Egyházaskeszői Telephelye</p>



<p class="wp-block-paragraph">8523 Egyházaskesző, Kinizsi u. 7.</p>



<p class="wp-block-paragraph"></p>



<p class="wp-block-paragraph"><strong>OM-azonosítószám:&nbsp;&nbsp;&nbsp;&nbsp;&nbsp;&nbsp;&nbsp;&nbsp;&nbsp;&nbsp; 030578</strong></p>

<div class="mh-excerpt"><p>Székhely, szanyi tagóvoda: Szent Anna Katolikus Általános Iskola és Óvoda Tagóvodája 9317 Szany, Ifjúság u. 3. Tel: 96/287-292 Email: szanyovi@gmail.com Tagintézmény-igazgató: Törekiné Péter Edit Rábaszentrandási <a class="mh-excerpt-more" href="https://szentannaszany.hu/index.php/ovoda_bemutatkozas/ovi_kapcsolat/" title="Kapcsolat">[&#8230;]</a></p>
</div>
