{"id":243,"date":"2023-04-27T13:18:14","date_gmt":"2023-04-27T13:18:14","guid":{"rendered":"https:\/\/szentannaszany.hu\/?page_id=243"},"modified":"2026-07-18T20:37:54","modified_gmt":"2026-07-18T20:37:54","slug":"cserkeszet","status":"publish","type":"page","link":"https:\/\/szentannaszany.hu\/index.php\/cserkeszet\/","title":{"rendered":"Cserk\u00e9szet"},"content":{"rendered":"\n<p class=\"wp-block-paragraph\"><strong>Cserk\u00e9sz-keltet\u0151 ny\u00e1ri s\u00e1tort\u00e1bor Szanyban<\/strong><\/p>\n\n\n\n<p class=\"wp-block-paragraph\">Iskol\u00e1nk t\u00f6bb tanul\u00f3ja is r\u00e9szt vett az idei \u201eCserk\u00e9sz-keltet\u0151&#8221; ny\u00e1ri s\u00e1tort\u00e1borban, amelynek nagy \u00f6r\u00f6m\u00fcnkre ez\u00fattal Szany adott otthont.<\/p>\n\n\n\n<p class=\"wp-block-paragraph\">Az \u00f6t nap sor\u00e1n a gyermekek nemcsak a cserk\u00e9szet \u00e9rt\u00e9keivel \u00e9s hagyom\u00e1nyaival ismerkedhettek meg, hanem sz\u00e1mtalan k\u00f6z\u00f6s \u00e9lm\u00e9nnyel is gazdagodtak. A t\u00e1bor k\u00f6zponti t\u00e9m\u00e1ja a M\u00e1ria-kegyhelyek \u00e9s a hozz\u00e1juk kapcsol\u00f3d\u00f3 csod\u00e1s t\u00f6rt\u00e9netek voltak. A r\u00e9sztvev\u0151k Szany, Csorna \u00e9s Gy\u0151r M\u00e1ria-tisztelet\u00e9hez kapcsol\u00f3d\u00f3 helysz\u00edneket fedezhett\u00e9k fel, mik\u00f6zben j\u00e1t\u00e9kos cserk\u00e9szprogramokon, kir\u00e1ndul\u00e1sokon, strandol\u00e1son \u00e9s k\u00f6z\u00f6ss\u00e9g\u00e9p\u00edt\u0151 foglalkoz\u00e1sokon vettek r\u00e9szt.<\/p>\n\n\n\n<p class=\"wp-block-paragraph\">A h\u00e9t egyik legmeghat\u00f3bb esem\u00e9nye a lelki napot lez\u00e1r\u00f3 esti cserk\u00e9szfogadalom \u00e9s kiscserk\u00e9sz-\u00edg\u00e9rett\u00e9tel volt, amely m\u00e9lt\u00f3 koron\u00e1ja lett az egy\u00fctt t\u00f6lt\u00f6tt napoknak.<\/p>\n\n\n\n<p class=\"wp-block-paragraph\">\u00d6r\u00f6mmel l\u00e1ttuk, hogy tanul\u00f3ink \u00faj bar\u00e1ts\u00e1gokkal, felejthetetlen \u00e9lm\u00e9nyekkel \u00e9s meger\u0151s\u00f6d\u00f6tt k\u00f6z\u00f6ss\u00e9gi \u00e9rz\u00e9ssel t\u00e9rtek haza.<\/p>\n\n\n\n<p class=\"wp-block-paragraph\">K\u00f6sz\u00f6nj\u00fck a t\u00e1bor szervez\u0151inek, vezet\u0151inek, Sz\u00e1r Gergely aty\u00e1nak, Cili n\u00e9ninek, Ildik\u00f3 n\u00e9ninek \u00e9s minden seg\u00edt\u0151nek az odaad\u00f3, szeretetteljes munk\u00e1t, amelynek k\u00f6sz\u00f6nhet\u0151en gyermekeink ism\u00e9t egy tartalmas \u00e9s \u00e9lm\u00e9nyekben gazdag hetet t\u00f6lthettek egy\u00fctt.<\/p>\n\n\n\n<p class=\"wp-block-paragraph\">K\u00fcl\u00f6n k\u00f6sz\u00f6nj\u00fck Madar\u00e1sz Afrodit\u00e9 tan\u00e1rn\u0151nek az eg\u00e9sz h\u00e9ten v\u00e9gzett lelkiismeretes munk\u00e1j\u00e1t \u00e9s seg\u00edt\u0151 jelenl\u00e9t\u00e9t, valamint M\u00e9ry L\u00e1szl\u00f3 aty\u00e1nak, hogy a pl\u00e9b\u00e1nia udvar\u00e1t a cserk\u00e9szek rendelkez\u00e9s\u00e9re bocs\u00e1totta, ezzel is hozz\u00e1j\u00e1rulva a t\u00e1bor sikeres megval\u00f3s\u00edt\u00e1s\u00e1hoz.<\/p>\n\n\n\nngg_shortcode_0_placeholder\n\n\n\n<p class=\"wp-block-paragraph\"><strong>2025. szeptember<\/strong><\/p>\n\n\n\n<p class=\"wp-block-paragraph\">A ny\u00e1ri cserk\u00e9szt\u00e1borban szerzett \u00e9lm\u00e9nyek \u00e9s tapasztalatok nyom\u00e1n 2025 szeptember\u00e9ben k\u00fcl\u00f6n\u00f6sen fontos m\u00e9rf\u00f6ldk\u0151h\u00f6z \u00e9rkezett a szanyi Szent Anna Raj k\u00f6z\u00f6ss\u00e9ge. Az iskola Kisboldogasszony-napi zar\u00e1ndoknapj\u00e1n ker\u00fclt sor a kiscserk\u00e9szek \u00edg\u00e9rett\u00e9tel\u00e9re, amelyre id\u00e9n \u2013 a felk\u00e9sz\u00fcl\u00e9snek k\u00f6sz\u00f6nhet\u0151en \u2013 lehet\u0151s\u00e9g ny\u00edlt.<\/p>\n\n\n\n<p class=\"wp-block-paragraph\">Az \u00fcnnepi alkalmon n\u00e9gy kiscserk\u00e9sz tett \u00edg\u00e9retet a p\u00fcsp\u00f6ki szentmis\u00e9t k\u00f6vet\u0151en. Az \u00edg\u00e9rett\u00e9telt Sz\u00e1r Gyula Gergely OPraem csapatparancsnok vez\u00e9nyelte le, majd a k\u00f6z\u00f6ss\u00e9g \u00e9let\u00e9ben szint\u00e9n kiemelked\u0151 esem\u00e9nyk\u00e9nt Dr. Veres Andr\u00e1s p\u00fcsp\u00f6k \u00far megszentelte a szanyi Szent Anna Raj \u00faj z\u00e1szl\u00f3j\u00e1t.<\/p>\n\n\n\n<p class=\"wp-block-paragraph\">Az \u00edg\u00e9rett\u00e9tel \u00e9s a z\u00e1szl\u00f3avat\u00e1s m\u00e9lt\u00f3, eml\u00e9kezetes pillanata volt k\u00f6z\u00f6ss\u00e9g\u00fcnk \u00e9let\u00e9nek, amely tov\u00e1bb er\u0151s\u00edtette a kiscserk\u00e9szek elk\u00f6telez\u0151d\u00e9s\u00e9t, valamint a cserk\u00e9szet szellemis\u00e9g\u00e9t iskol\u00e1nk mindennapjaiban.<\/p>\n\n\n\nngg_shortcode_1_placeholder\n\n\n\n<p class=\"wp-block-paragraph\"><strong>2025. augusztus<\/strong><\/p>\n\n\n\n<p class=\"wp-block-paragraph\">A szanyi Szent Anna Cserk\u00e9sz Raj n\u00e9h\u00e1ny tagja 2025. j\u00falius 13\u201321. k\u00f6z\u00f6tt a v\u00e1ti ny\u00e1ri cserk\u00e9szt\u00e1borban vett r\u00e9szt. A t\u00f6bbnapos t\u00e1bor sor\u00e1n a gyerekek gazdag \u00e9s v\u00e1ltozatos programokon kapcsol\u00f3dtak be a cserk\u00e9sz\u00e9letbe: kir\u00e1ndul\u00e1sokon, t\u00far\u00e1kon, strandol\u00e1son, v\u00e1rosn\u00e9z\u00e9seken, akad\u00e1lyversenyeken \u00e9s k\u00f6z\u00f6ss\u00e9gi szolg\u00e1latokon vettek r\u00e9szt, mindezt im\u00e1ds\u00e1gos, k\u00f6z\u00f6ss\u00e9g\u00e9p\u00edt\u0151 keretben.<\/p>\n\n\n\n<p class=\"wp-block-paragraph\">A t\u00e1bor c\u00e9lja a cserk\u00e9sz\u00e9rt\u00e9kek elm\u00e9ly\u00edt\u00e9se, az \u00f6n\u00e1ll\u00f3s\u00e1g, a felel\u0151ss\u00e9gv\u00e1llal\u00e1s \u00e9s az egym\u00e1s ir\u00e1nti odafigyel\u00e9s er\u0151s\u00edt\u00e9se volt. A term\u00e9szetk\u00f6zeli k\u00f6rnyezet \u00e9s a k\u00f6z\u00f6sen \u00e1t\u00e9lt \u00e9lm\u00e9nyek maradand\u00f3 tapasztalatokat \u00e9s sz\u00e9p eml\u00e9keket adtak a r\u00e9sztvev\u0151knek.<\/p>\n\n\n\nngg_shortcode_2_placeholder\n\n\n\n<p class=\"wp-block-paragraph\"><strong>2025. j\u00fanius<\/strong><\/p>\n\n\n\n<p class=\"wp-block-paragraph\">Az elm\u00falt \u00e9vek sor\u00e1n iskol\u00e1nk cserk\u00e9szjel\u00f6ltjei sz\u00e1mos \u00e9lm\u00e9nyd\u00fas, k\u00f6z\u00f6ss\u00e9get form\u00e1l\u00f3 programon vettek r\u00e9szt. A kir\u00e1ndul\u00e1sok, t\u00far\u00e1k \u00e9s kultur\u00e1lis alkalmak mellett kiemelt szerepet kaptak a lelki tartalommal b\u00edr\u00f3 esem\u00e9nyek \u00e9s a term\u00e9szetk\u00f6zeli tev\u00e9kenys\u00e9gek is.<\/p>\n\n\n\n<p class=\"wp-block-paragraph\">A k\u00f6z\u00f6ss\u00e9g\u00e9p\u00edt\u00e9st szolg\u00e1lt\u00e1k a mozil\u00e1togat\u00e1sok, sz\u00ednh\u00e1zi el\u0151ad\u00e1sok \u00e9s ker\u00e9kp\u00e1rt\u00far\u00e1k, valamint az erdei kir\u00e1ndul\u00e1sok, ahol a gyerekek szak\u00e9rt\u0151k seg\u00edts\u00e9g\u00e9vel ismerkedhettek meg a term\u00e9szet \u00e9rt\u00e9keivel. A szabadban t\u00f6lt\u00f6tt programokat gyakran k\u00f6z\u00f6s j\u00e1t\u00e9k, t\u00e1bort\u0171zhangulat\u00fa egy\u00fcttl\u00e9tek \u00e9s egyszer\u0171, m\u00e9gis eml\u00e9kezetes k\u00f6z\u00f6ss\u00e9gi \u00e9lm\u00e9nyek z\u00e1rt\u00e1k.<\/p>\n\n\n\n<p class=\"wp-block-paragraph\">Cserk\u00e9szeink rendszeresen kapcsol\u00f3dtak be egyh\u00e1zi alkalmakba \u00e9s szolg\u00e1latokba is: szentmis\u00e9ken vettek r\u00e9szt, k\u00f6z\u00f6s im\u00e1ds\u00e1gban er\u0151s\u00f6dtek, valamint k\u00f6rnyezet\u00fck sz\u00e9p\u00edt\u00e9s\u00e9vel tettek tan\u00fas\u00e1got felel\u0151ss\u00e9gv\u00e1llal\u00e1sukr\u00f3l. A csornai 63. sz. Bessenyei Gy\u00f6rgy Cserk\u00e9szcsapattal val\u00f3 egy\u00fcttm\u0171k\u00f6d\u00e9s t\u00f6bb k\u00f6z\u00f6s programot \u00e9s tal\u00e1lkoz\u00e1st tett lehet\u0151v\u00e9, amelyek tov\u00e1bb er\u0151s\u00edtett\u00e9k a k\u00f6z\u00f6ss\u00e9gi \u00e9lm\u00e9nyt \u00e9s a cserk\u00e9szidentit\u00e1st.<\/p>\n\n\n\n<p class=\"wp-block-paragraph\">Ezek az alkalmak mind hozz\u00e1j\u00e1rultak ahhoz, hogy a szanyi Szent Anna Raj kis k\u00f6z\u00f6ss\u00e9ge \u00e9lm\u00e9nyekben gazdagodva, egym\u00e1sra figyelve, a cserk\u00e9szet \u00e9rt\u00e9kei ment\u00e9n fejl\u0151dhessen tov\u00e1bb.<\/p>\n\n\n\nngg_shortcode_3_placeholder\n\n\n\n<p class=\"wp-block-paragraph\">Int\u00e9zm\u00e9ny\u00fcnk a 2022\/2023-as tan\u00e9vben csatlakozott a csornai 63. sz. Bessenyei Gy\u00f6rgy Cserk\u00e9szcsapathoz. A vall\u00e1sos, ifj\u00fas\u00e1gnevel\u0151 k\u00f6z\u00f6ss\u00e9get 21 lelkes, szanyi kisdi\u00e1k gyarap\u00edtja, akiket Zs\u00f3fi n\u00e9ni, Melinda n\u00e9ni \u00e9s Anita n\u00e9ni seg\u00edt munk\u00e1jukban.<\/p>\n\n\n\n<p class=\"wp-block-paragraph\">\u00c1prilis 1-j\u00e9n egyh\u00e1zi k\u00f6z\u00f6ss\u00e9gi szolg\u00e1lattal kezdt\u00fck meg tavaszi tev\u00e9kenys\u00e9g\u00fcnket, melynek keret\u00e9ben szebb\u00e9 tett\u00fck a Szany hat\u00e1r\u00e1ban tal\u00e1lhat\u00f3 Szent Anna k\u00e1polna k\u00f6rnyezet\u00e9t. A szolg\u00e1lat mellett kikapcsol\u00f3d\u00e1sra is sort ker\u00edt\u00fcnk t\u00far\u00e1z\u00e1sok, kir\u00e1ndul\u00e1sok keret\u00e9ben. C\u00e9lunk, hogy a szanyi Szent Anna Cserk\u00e9sz Raj vid\u00e1m, \u00f6szt\u00f6nz\u0151 hangulatban az Isten, haza \u00e9s embert\u00e1rs szolg\u00e1lat\u00e1ra nevelje a gyerekeket.<\/p>\n\n\n\nngg_shortcode_4_placeholder\n\n\n\n<p class=\"wp-block-paragraph\"><\/p>\n","protected":false},"excerpt":{"rendered":"<div class=\"mh-excerpt\"><p>Cserk\u00e9sz-keltet\u0151 ny\u00e1ri s\u00e1tort\u00e1bor Szanyban Iskol\u00e1nk t\u00f6bb tanul\u00f3ja is r\u00e9szt vett az idei \u201eCserk\u00e9sz-keltet\u0151&#8221; ny\u00e1ri s\u00e1tort\u00e1borban, amelynek nagy \u00f6r\u00f6m\u00fcnkre ez\u00fattal Szany adott otthont. Az \u00f6t nap <a class=\"mh-excerpt-more\" href=\"https:\/\/szentannaszany.hu\/index.php\/cserkeszet\/\" title=\"Cserk\u00e9szet\">[&#8230;]<\/a><\/p>\n<\/div>","protected":false},"author":1,"featured_media":260,"parent":0,"menu_order":0,"comment_status":"closed","ping_status":"closed","template":"","meta":{"ngg_post_thumbnail":0,"cybocfi_hide_featured_image":"","footnotes":""},"class_list":["post-243","page","type-page","status-publish","has-post-thumbnail","hentry"],"_links":{"self":[{"href":"https:\/\/szentannaszany.hu\/index.php\/wp-json\/wp\/v2\/pages\/243","targetHints":{"allow":["GET"]}}],"collection":[{"href":"https:\/\/szentannaszany.hu\/index.php\/wp-json\/wp\/v2\/pages"}],"about":[{"href":"https:\/\/szentannaszany.hu\/index.php\/wp-json\/wp\/v2\/types\/page"}],"author":[{"embeddable":true,"href":"https:\/\/szentannaszany.hu\/index.php\/wp-json\/wp\/v2\/users\/1"}],"replies":[{"embeddable":true,"href":"https:\/\/szentannaszany.hu\/index.php\/wp-json\/wp\/v2\/comments?post=243"}],"version-history":[{"count":8,"href":"https:\/\/szentannaszany.hu\/index.php\/wp-json\/wp\/v2\/pages\/243\/revisions"}],"predecessor-version":[{"id":698,"href":"https:\/\/szentannaszany.hu\/index.php\/wp-json\/wp\/v2\/pages\/243\/revisions\/698"}],"wp:featuredmedia":[{"embeddable":true,"href":"https:\/\/szentannaszany.hu\/index.php\/wp-json\/wp\/v2\/media\/260"}],"wp:attachment":[{"href":"https:\/\/szentannaszany.hu\/index.php\/wp-json\/wp\/v2\/media?parent=243"}],"curies":[{"name":"wp","href":"https:\/\/api.w.org\/{rel}","templated":true}]}}

Cserkészet

<p class="wp-block-paragraph"><strong>Cserkész-keltető nyári sátortábor Szanyban</strong></p>



<p class="wp-block-paragraph">Iskolánk több tanulója is részt vett az idei „Cserkész-keltető&#8221; nyári sátortáborban, amelynek nagy örömünkre ezúttal Szany adott otthont.</p>



<p class="wp-block-paragraph">Az öt nap során a gyermekek nemcsak a cserkészet értékeivel és hagyományaival ismerkedhettek meg, hanem számtalan közös élménnyel is gazdagodtak. A tábor központi témája a Mária-kegyhelyek és a hozzájuk kapcsolódó csodás történetek voltak. A résztvevők Szany, Csorna és Győr Mária-tiszteletéhez kapcsolódó helyszíneket fedezhették fel, miközben játékos cserkészprogramokon, kirándulásokon, strandoláson és közösségépítő foglalkozásokon vettek részt.</p>



<p class="wp-block-paragraph">A hét egyik legmeghatóbb eseménye a lelki napot lezáró esti cserkészfogadalom és kiscserkész-ígérettétel volt, amely méltó koronája lett az együtt töltött napoknak.</p>



<p class="wp-block-paragraph">Örömmel láttuk, hogy tanulóink új barátságokkal, felejthetetlen élményekkel és megerősödött közösségi érzéssel tértek haza.</p>



<p class="wp-block-paragraph">Köszönjük a tábor szervezőinek, vezetőinek, Szár Gergely atyának, Cili néninek, Ildikó néninek és minden segítőnek az odaadó, szeretetteljes munkát, amelynek köszönhetően gyermekeink ismét egy tartalmas és élményekben gazdag hetet tölthettek együtt.</p>



<p class="wp-block-paragraph">Külön köszönjük Madarász Afrodité tanárnőnek az egész héten végzett lelkiismeretes munkáját és segítő jelenlétét, valamint Méry László atyának, hogy a plébánia udvarát a cserkészek rendelkezésére bocsátotta, ezzel is hozzájárulva a tábor sikeres megvalósításához.</p>



ngg_shortcode_0_placeholder



<p class="wp-block-paragraph"><strong>2025. szeptember</strong></p>



<p class="wp-block-paragraph">A nyári cserkésztáborban szerzett élmények és tapasztalatok nyomán 2025 szeptemberében különösen fontos mérföldkőhöz érkezett a szanyi Szent Anna Raj közössége. Az iskola Kisboldogasszony-napi zarándoknapján került sor a kiscserkészek ígérettételére, amelyre idén – a felkészülésnek köszönhetően – lehetőség nyílt.</p>



<p class="wp-block-paragraph">Az ünnepi alkalmon négy kiscserkész tett ígéretet a püspöki szentmisét követően. Az ígérettételt Szár Gyula Gergely OPraem csapatparancsnok vezényelte le, majd a közösség életében szintén kiemelkedő eseményként Dr. Veres András püspök úr megszentelte a szanyi Szent Anna Raj új zászlóját.</p>



<p class="wp-block-paragraph">Az ígérettétel és a zászlóavatás méltó, emlékezetes pillanata volt közösségünk életének, amely tovább erősítette a kiscserkészek elköteleződését, valamint a cserkészet szellemiségét iskolánk mindennapjaiban.</p>



ngg_shortcode_1_placeholder



<p class="wp-block-paragraph"><strong>2025. augusztus</strong></p>



<p class="wp-block-paragraph">A szanyi Szent Anna Cserkész Raj néhány tagja 2025. július 13–21. között a váti nyári cserkésztáborban vett részt. A többnapos tábor során a gyerekek gazdag és változatos programokon kapcsolódtak be a cserkészéletbe: kirándulásokon, túrákon, strandoláson, városnézéseken, akadályversenyeken és közösségi szolgálatokon vettek részt, mindezt imádságos, közösségépítő keretben.</p>



<p class="wp-block-paragraph">A tábor célja a cserkészértékek elmélyítése, az önállóság, a felelősségvállalás és az egymás iránti odafigyelés erősítése volt. A természetközeli környezet és a közösen átélt élmények maradandó tapasztalatokat és szép emlékeket adtak a résztvevőknek.</p>



ngg_shortcode_2_placeholder



<p class="wp-block-paragraph"><strong>2025. június</strong></p>



<p class="wp-block-paragraph">Az elmúlt évek során iskolánk cserkészjelöltjei számos élménydús, közösséget formáló programon vettek részt. A kirándulások, túrák és kulturális alkalmak mellett kiemelt szerepet kaptak a lelki tartalommal bíró események és a természetközeli tevékenységek is.</p>



<p class="wp-block-paragraph">A közösségépítést szolgálták a mozilátogatások, színházi előadások és kerékpártúrák, valamint az erdei kirándulások, ahol a gyerekek szakértők segítségével ismerkedhettek meg a természet értékeivel. A szabadban töltött programokat gyakran közös játék, tábortűzhangulatú együttlétek és egyszerű, mégis emlékezetes közösségi élmények zárták.</p>



<p class="wp-block-paragraph">Cserkészeink rendszeresen kapcsolódtak be egyházi alkalmakba és szolgálatokba is: szentmiséken vettek részt, közös imádságban erősödtek, valamint környezetük szépítésével tettek tanúságot felelősségvállalásukról. A csornai 63. sz. Bessenyei György Cserkészcsapattal való együttműködés több közös programot és találkozást tett lehetővé, amelyek tovább erősítették a közösségi élményt és a cserkészidentitást.</p>



<p class="wp-block-paragraph">Ezek az alkalmak mind hozzájárultak ahhoz, hogy a szanyi Szent Anna Raj kis közössége élményekben gazdagodva, egymásra figyelve, a cserkészet értékei mentén fejlődhessen tovább.</p>



ngg_shortcode_3_placeholder



<p class="wp-block-paragraph">Intézményünk a 2022/2023-as tanévben csatlakozott a csornai 63. sz. Bessenyei György Cserkészcsapathoz. A vallásos, ifjúságnevelő közösséget 21 lelkes, szanyi kisdiák gyarapítja, akiket Zsófi néni, Melinda néni és Anita néni segít munkájukban.</p>



<p class="wp-block-paragraph">Április 1-jén egyházi közösségi szolgálattal kezdtük meg tavaszi tevékenységünket, melynek keretében szebbé tettük a Szany határában található Szent Anna kápolna környezetét. A szolgálat mellett kikapcsolódásra is sort kerítünk túrázások, kirándulások keretében. Célunk, hogy a szanyi Szent Anna Cserkész Raj vidám, ösztönző hangulatban az Isten, haza és embertárs szolgálatára nevelje a gyerekeket.</p>



ngg_shortcode_4_placeholder



<p class="wp-block-paragraph"></p>

<div class="mh-excerpt"><p>Cserkész-keltető nyári sátortábor Szanyban Iskolánk több tanulója is részt vett az idei „Cserkész-keltető&#8221; nyári sátortáborban, amelynek nagy örömünkre ezúttal Szany adott otthont. Az öt nap <a class="mh-excerpt-more" href="https://szentannaszany.hu/index.php/cserkeszet/" title="Cserkészet">[&#8230;]</a></p>
</div>
