{"id":142,"date":"2022-12-08T13:49:58","date_gmt":"2022-12-08T13:49:58","guid":{"rendered":"https:\/\/szentannaszany.hu\/?page_id=142"},"modified":"2026-07-18T20:16:29","modified_gmt":"2026-07-18T20:16:29","slug":"iskolakert","status":"publish","type":"page","link":"https:\/\/szentannaszany.hu\/index.php\/iskolakert\/","title":{"rendered":"Iskolakert"},"content":{"rendered":"\n<p class=\"wp-block-paragraph\">A Szent Anna Katolikus Iskola \u00e9s \u00d3voda 2020 \u00e1prilis\u00e1ban elnyerte a <strong>Kezd\u0151 iskolakert p\u00e1ly\u00e1zatot<\/strong>, amelynek k\u00f6sz\u00f6nhet\u0151en elindulhatott int\u00e9zm\u00e9ny\u00fcnk iskolakerti programja. A kezdem\u00e9nyez\u00e9sben fels\u0151 tagozatos tanul\u00f3k vesznek r\u00e9szt, akik az\u00f3ta is akt\u00edvan gondozz\u00e1k \u00e9s fejlesztik a kertet.<\/p>\n\n\n\n<p class=\"wp-block-paragraph\"><strong>2020\u20132021<\/strong><\/p>\n\n\n\n<p class=\"wp-block-paragraph\">Az indul\u00e1s \u00e9v\u00e9ben \u0151sszel a fi\u00fak fel\u00e1st\u00e1k a kertet, \u00e9s kijel\u00f6lt\u00e9k a f\u0171szern\u00f6v\u00e9nyes ter\u00fcletet. A n\u00f6v\u00e9nyeket rendbe tett\u00e9k, megnyest\u00e9k, \u00e9s felk\u00e9sz\u00edtett\u00e9k a t\u00e9lre. A j\u00f3 id\u0151 bek\u00f6sz\u00f6nt\u00e9vel rendszeres kerti munka kezd\u0151d\u00f6tt: a tanul\u00f3k gyoml\u00e1ltak, kap\u00e1ltak, \u00e9s megismert\u00e9k a gyomok \u00e9s hasznos n\u00f6v\u00e9nyek k\u00f6z\u00f6tti k\u00fcl\u00f6nbs\u00e9get.<\/p>\n\n\n\n<p class=\"wp-block-paragraph\">A szersz\u00e1mos kamra el\u0151tti ter\u00fclet is rendez\u00e9sre ker\u00fclt, ahol b\u00e1rsonyvir\u00e1g, \u00e1rv\u00e1cska \u00e9s borsikaf\u0171 ker\u00fclt el\u00fcltet\u00e9sre. A komposzt\u00e1l\u00e1s is fontos szerepet kapott: a gyomokat \u00e9s n\u00f6v\u00e9nyi maradv\u00e1nyokat oda hordt\u00e1k.<\/p>\n\n\n\n<p class=\"wp-block-paragraph\">Tavasszal a talaj el\u0151k\u00e9sz\u00edt\u00e9se ut\u00e1n megindult a vetem\u00e9nyez\u00e9s. Retek, s\u00e1rgar\u00e9pa, z\u00f6ldbors\u00f3, v\u00f6r\u00f6shagyma \u00e9s fokhagyma ker\u00fclt a f\u00f6ldbe. A tanul\u00f3k rendszeresen figyelt\u00e9k a n\u00f6v\u00e9nyek fejl\u0151d\u00e9s\u00e9t, majd gondoz\u00e1si feladatokat l\u00e1ttak el. A retek betakar\u00edt\u00e1sa ut\u00e1n azt k\u00f6z\u00f6sen elfogyasztott\u00e1k, a felszabadult helyre pedig c\u00e9kla ker\u00fclt.<\/p>\n\n\n\n<p class=\"wp-block-paragraph\">A kert karbantart\u00e1sa sor\u00e1n a tanul\u00f3k a leny\u00edrt f\u00fcvet \u00f6sszegerebly\u00e9zt\u00e9k, a gallyakat \u00e9s hullad\u00e9kot \u00f6sszegy\u0171jt\u00f6tt\u00e9k, ezzel is tanulva a k\u00f6rnyezettudatos gondolkod\u00e1sr\u00f3l.<\/p>\n\n\n\n<p class=\"wp-block-paragraph\"><strong>2022\u20132023<\/strong><\/p>\n\n\n\n<p class=\"wp-block-paragraph\">2023 m\u00e1jus\u00e1ban a <strong>GREENPEACE Magyarorsz\u00e1g Egyes\u00fclet<\/strong> j\u00f3volt\u00e1b\u00f3l k\u00e9t darab (3 m \u00d7 1,5 m) magas\u00e1gy\u00e1ssal b\u0151v\u00fclt az iskola kertje. A di\u00e1kok k\u00f6z\u00f6sen t\u00f6lt\u00f6tt\u00e9k fel az \u00e1gy\u00e1sokat mulccsal, szalm\u00e1val \u00e9s vir\u00e1gf\u00f6lddel.<\/p>\n\n\n\n<p class=\"wp-block-paragraph\">Felaj\u00e1nl\u00e1sb\u00f3l zeller-, paprika- \u00e9s paradicsompal\u00e1nt\u00e1k ker\u00fcltek el\u00fcltet\u00e9sre, amelyeket a tanul\u00f3k \u00f6kol\u00f3giai szeml\u00e9lettel gondoztak. A rendszeres \u00f6nt\u00f6z\u00e9s \u00e9s \u00e1pol\u00e1s eredm\u00e9nyek\u00e9nt a n\u00f6v\u00e9nyek sz\u00e9pen fejl\u0151dtek, a paradicsom \u00e9s paprika mell\u00e9 kar\u00f3k is ker\u00fcltek.<\/p>\n\n\n\n<p class=\"wp-block-paragraph\">A tan\u00e9v v\u00e9g\u00e9n a term\u00e9nyek betakar\u00edt\u00e1sra ker\u00fcltek, amelyekb\u0151l k\u00f6z\u00f6s lecs\u00f3 is k\u00e9sz\u00fclt a tanul\u00f3k sz\u00e1m\u00e1ra.<\/p>\n\n\n\n<p class=\"wp-block-paragraph\">Az \u0151sszel betakar\u00edtott \u00e9s sz\u00e1r\u00edtott levendul\u00e1b\u00f3l az adventi v\u00e1s\u00e1rra illatos aj\u00e1nd\u00e9kt\u00e1rgyak k\u00e9sz\u00fcltek. A t\u00e9li id\u0151szakban \u00e9vel\u0151 n\u00f6v\u00e9nyek ker\u00fcltek a magas\u00e1gy\u00e1sokba, valamint mad\u00e1retet\u0151k kihelyez\u00e9s\u00e9vel seg\u00edtett\u00fck a mad\u00e1rvil\u00e1got.<\/p>\n\n\n\n<p class=\"wp-block-paragraph\">Egy csal\u00e1d felaj\u00e1nl\u00e1s\u00e1b\u00f3l n\u00e9gy facsemete is \u00e9rkezett, amelyeket a tanul\u00f3k el\u00fcltettek, b\u00e1r ezek k\u00e9s\u0151bb nem maradtak meg.<\/p>\n\n\n\n<p class=\"wp-block-paragraph\">A magas\u00e1gy\u00e1sokban sal\u00e1ta, eper, hagyma, paprika \u00e9s paradicsom is termeszt\u00e9sre ker\u00fclt. A di\u00e1kok megtapasztalt\u00e1k a vegyszermentes kert\u00e9szked\u00e9s el\u0151nyeit, \u00e9s a term\u00e9szet ritmus\u00e1hoz igazod\u00f3 munka fontoss\u00e1g\u00e1t.<\/p>\n\n\n\n<p class=\"wp-block-paragraph\"><strong>2023\u20132024<\/strong><\/p>\n\n\n\n<p class=\"wp-block-paragraph\">Ebben a tan\u00e9vben az iskolakert tov\u00e1bb fejl\u0151d\u00f6tt. A megl\u00e9v\u0151 magas\u00e1gy\u00e1sok gondoz\u00e1sa mellett hagym\u00e1t \u00fcltett\u00fcnk, valamint sal\u00e1ta pal\u00e1nt\u00e1kat nevelt\u00fcnk.<\/p>\n\n\n\n<p class=\"wp-block-paragraph\">A tanul\u00f3k megtapasztalt\u00e1k, hogy a kert\u00e9szked\u00e9s folyamatos, kitart\u00f3 munk\u00e1t ig\u00e9nyel, \u00e9s hozz\u00e1j\u00e1rul a k\u00f6rnyezet v\u00e9delm\u00e9hez is. A vegyszermentes gazd\u00e1lkod\u00e1s kiemelt szerepet kapott.<\/p>\n\n\n\n<p class=\"wp-block-paragraph\"><strong>2024\u20132025<\/strong><\/p>\n\n\n\n<p class=\"wp-block-paragraph\">Iskol\u00e1nk ebben a tan\u00e9vben elnyerte a <strong>Mad\u00e1rbar\u00e1t iskola<\/strong> c\u00edmet, amelyre nagy b\u00fcszkes\u00e9ggel tekint\u00fcnk.<\/p>\n\n\n\n<p class=\"wp-block-paragraph\">A t\u00e9li \u00e9s kora tavaszi id\u0151szakban a tanul\u00f3k rendszeresen gondozt\u00e1k a mad\u00e1retet\u0151ket, \u00e9s figyelt\u00e9k a mad\u00e1rvil\u00e1g \u00e9let\u00e9t. Febru\u00e1rban megkezdt\u00fck az udvar rendbet\u00e9tel\u00e9t, gyoml\u00e1l\u00e1st \u00e9s a szersz\u00e1mos \u00e9p\u00fclet takar\u00edt\u00e1s\u00e1t.<\/p>\n\n\n\n<p class=\"wp-block-paragraph\">M\u00e1rciusban bors\u00f3t vetett\u00fcnk \u00e9s eperpal\u00e1nt\u00e1kat \u00fcltett\u00fcnk \u00e1t, valamint \u00faj magas\u00edtott \u00e1gy\u00e1sokat alak\u00edtottunk ki. A tavasz folyam\u00e1n rovarhotelt is kihelyezt\u00fcnk, ezzel seg\u00edtve a hasznos rovarok megteleped\u00e9s\u00e9t.<\/p>\n\n\n\n<p class=\"wp-block-paragraph\">\u00c1prilist\u00f3l m\u00e1jusig a rendszeres gyoml\u00e1l\u00e1s \u00e9s n\u00f6v\u00e9nygondoz\u00e1s zajlott, amely sor\u00e1n a di\u00e1kok megtapasztalt\u00e1k a k\u00f6z\u00f6s munka \u00e9s gondoskod\u00e1s eredm\u00e9ny\u00e9t.<\/p>\n\n\n\n<p class=\"wp-block-paragraph\"><strong>2025\u20132026<\/strong><\/p>\n\n\n\n<p class=\"wp-block-paragraph\">Fontos m\u00e9rf\u00f6ldk\u0151, hogy iskol\u00e1nk ebben a tan\u00e9vben <strong>Teremt\u00e9sv\u00e9d\u0151 iskol\u00e1v\u00e1 v\u00e1lt<\/strong>, amely tov\u00e1bb er\u0151s\u00edti k\u00f6rnyezeti nevel\u00e9si c\u00e9ljainkat.<\/p>\n\n\n\n<p class=\"wp-block-paragraph\">Jelenleg a legfontosabb feladat a magas\u00edtott \u00e1gy\u00e1sok ki\u00e9p\u00edt\u00e9se, valamint az iskolakert melletti \u00e9p\u00fclet kipakol\u00e1sa \u00e9s rendez\u00e9se. A munk\u00e1latok sor\u00e1n nagy seg\u00edts\u00e9get jelentett a mulcsoz\u00e1s, amelyet egy seg\u00edt\u0151 sz\u00fcl\u0151 k\u00f6zrem\u0171k\u00f6d\u00e9s\u00e9vel v\u00e9gezt\u00fcnk.<\/p>\n\n\n\n<p class=\"wp-block-paragraph\">Elk\u00e9sz\u00fclt az iskolakert \u00faj l\u00e1tv\u00e1nyterve is, amely alapj\u00e1n hamarosan 7 \u00faj magas\u00edtott \u00e1gy\u00e1s ker\u00fcl kialak\u00edt\u00e1sra. Ezekben v\u00e1ltozatos n\u00f6v\u00e9nyek kapnak helyet: \u00e9vel\u0151k, hagym\u00e1sok, eper, egyny\u00e1ri vir\u00e1gok \u00e9s f\u0171szern\u00f6v\u00e9nyek.<\/p>\n\n\n\n<p class=\"wp-block-paragraph\">A tervez\u00e9sbe a tanul\u00f3k is akt\u00edvan bekapcsol\u00f3dtak technika \u00f3r\u00e1kon, ahol saj\u00e1t \u00f6tleteikkel \u00e9s rajzaikkal j\u00e1rultak hozz\u00e1 az \u00faj kert kialak\u00edt\u00e1s\u00e1hoz.<\/p>\n\n\n\n<p class=\"wp-block-paragraph\">C\u00e9lunk, hogy egy olyan iskolakert j\u00f6jj\u00f6n l\u00e9tre, amely egyszerre szolg\u00e1lja a tanul\u00e1st, a term\u00e9szet szeretet\u00e9t, a k\u00f6z\u00f6ss\u00e9gi \u00e9lm\u00e9nyt \u00e9s a k\u00f6rnyezettudatos gondolkod\u00e1st.<\/p>\n\n\n\nngg_shortcode_0_placeholder\n\n\n\n<p class=\"wp-block-paragraph\"><\/p>\n","protected":false},"excerpt":{"rendered":"<div class=\"mh-excerpt\"><p>A Szent Anna Katolikus Iskola \u00e9s \u00d3voda 2020 \u00e1prilis\u00e1ban elnyerte a Kezd\u0151 iskolakert p\u00e1ly\u00e1zatot, amelynek k\u00f6sz\u00f6nhet\u0151en elindulhatott int\u00e9zm\u00e9ny\u00fcnk iskolakerti programja. A kezdem\u00e9nyez\u00e9sben fels\u0151 tagozatos tanul\u00f3k <a class=\"mh-excerpt-more\" href=\"https:\/\/szentannaszany.hu\/index.php\/iskolakert\/\" title=\"Iskolakert\">[&#8230;]<\/a><\/p>\n<\/div>","protected":false},"author":1,"featured_media":0,"parent":0,"menu_order":0,"comment_status":"closed","ping_status":"closed","template":"","meta":{"ngg_post_thumbnail":0,"cybocfi_hide_featured_image":"","footnotes":""},"class_list":["post-142","page","type-page","status-publish","hentry"],"_links":{"self":[{"href":"https:\/\/szentannaszany.hu\/index.php\/wp-json\/wp\/v2\/pages\/142","targetHints":{"allow":["GET"]}}],"collection":[{"href":"https:\/\/szentannaszany.hu\/index.php\/wp-json\/wp\/v2\/pages"}],"about":[{"href":"https:\/\/szentannaszany.hu\/index.php\/wp-json\/wp\/v2\/types\/page"}],"author":[{"embeddable":true,"href":"https:\/\/szentannaszany.hu\/index.php\/wp-json\/wp\/v2\/users\/1"}],"replies":[{"embeddable":true,"href":"https:\/\/szentannaszany.hu\/index.php\/wp-json\/wp\/v2\/comments?post=142"}],"version-history":[{"count":5,"href":"https:\/\/szentannaszany.hu\/index.php\/wp-json\/wp\/v2\/pages\/142\/revisions"}],"predecessor-version":[{"id":664,"href":"https:\/\/szentannaszany.hu\/index.php\/wp-json\/wp\/v2\/pages\/142\/revisions\/664"}],"wp:attachment":[{"href":"https:\/\/szentannaszany.hu\/index.php\/wp-json\/wp\/v2\/media?parent=142"}],"curies":[{"name":"wp","href":"https:\/\/api.w.org\/{rel}","templated":true}]}}

<p class="wp-block-paragraph">A Szent Anna Katolikus Iskola és Óvoda 2020 áprilisában elnyerte a <strong>Kezdő iskolakert pályázatot</strong>, amelynek köszönhetően elindulhatott intézményünk iskolakerti programja. A kezdeményezésben felső tagozatos tanulók vesznek részt, akik azóta is aktívan gondozzák és fejlesztik a kertet.</p>



<p class="wp-block-paragraph"><strong>2020–2021</strong></p>



<p class="wp-block-paragraph">Az indulás évében ősszel a fiúk felásták a kertet, és kijelölték a fűszernövényes területet. A növényeket rendbe tették, megnyesték, és felkészítették a télre. A jó idő beköszöntével rendszeres kerti munka kezdődött: a tanulók gyomláltak, kapáltak, és megismerték a gyomok és hasznos növények közötti különbséget.</p>



<p class="wp-block-paragraph">A szerszámos kamra előtti terület is rendezésre került, ahol bársonyvirág, árvácska és borsikafű került elültetésre. A komposztálás is fontos szerepet kapott: a gyomokat és növényi maradványokat oda hordták.</p>



<p class="wp-block-paragraph">Tavasszal a talaj előkészítése után megindult a veteményezés. Retek, sárgarépa, zöldborsó, vöröshagyma és fokhagyma került a földbe. A tanulók rendszeresen figyelték a növények fejlődését, majd gondozási feladatokat láttak el. A retek betakarítása után azt közösen elfogyasztották, a felszabadult helyre pedig cékla került.</p>



<p class="wp-block-paragraph">A kert karbantartása során a tanulók a lenyírt füvet összegereblyézték, a gallyakat és hulladékot összegyűjtötték, ezzel is tanulva a környezettudatos gondolkodásról.</p>



<p class="wp-block-paragraph"><strong>2022–2023</strong></p>



<p class="wp-block-paragraph">2023 májusában a <strong>GREENPEACE Magyarország Egyesület</strong> jóvoltából két darab (3 m × 1,5 m) magaságyással bővült az iskola kertje. A diákok közösen töltötték fel az ágyásokat mulccsal, szalmával és virágfölddel.</p>



<p class="wp-block-paragraph">Felajánlásból zeller-, paprika- és paradicsompalánták kerültek elültetésre, amelyeket a tanulók ökológiai szemlélettel gondoztak. A rendszeres öntözés és ápolás eredményeként a növények szépen fejlődtek, a paradicsom és paprika mellé karók is kerültek.</p>



<p class="wp-block-paragraph">A tanév végén a termények betakarításra kerültek, amelyekből közös lecsó is készült a tanulók számára.</p>



<p class="wp-block-paragraph">Az ősszel betakarított és szárított levendulából az adventi vásárra illatos ajándéktárgyak készültek. A téli időszakban évelő növények kerültek a magaságyásokba, valamint madáretetők kihelyezésével segítettük a madárvilágot.</p>



<p class="wp-block-paragraph">Egy család felajánlásából négy facsemete is érkezett, amelyeket a tanulók elültettek, bár ezek később nem maradtak meg.</p>



<p class="wp-block-paragraph">A magaságyásokban saláta, eper, hagyma, paprika és paradicsom is termesztésre került. A diákok megtapasztalták a vegyszermentes kertészkedés előnyeit, és a természet ritmusához igazodó munka fontosságát.</p>



<p class="wp-block-paragraph"><strong>2023–2024</strong></p>



<p class="wp-block-paragraph">Ebben a tanévben az iskolakert tovább fejlődött. A meglévő magaságyások gondozása mellett hagymát ültettünk, valamint saláta palántákat neveltünk.</p>



<p class="wp-block-paragraph">A tanulók megtapasztalták, hogy a kertészkedés folyamatos, kitartó munkát igényel, és hozzájárul a környezet védelméhez is. A vegyszermentes gazdálkodás kiemelt szerepet kapott.</p>



<p class="wp-block-paragraph"><strong>2024–2025</strong></p>



<p class="wp-block-paragraph">Iskolánk ebben a tanévben elnyerte a <strong>Madárbarát iskola</strong> címet, amelyre nagy büszkeséggel tekintünk.</p>



<p class="wp-block-paragraph">A téli és kora tavaszi időszakban a tanulók rendszeresen gondozták a madáretetőket, és figyelték a madárvilág életét. Februárban megkezdtük az udvar rendbetételét, gyomlálást és a szerszámos épület takarítását.</p>



<p class="wp-block-paragraph">Márciusban borsót vetettünk és eperpalántákat ültettünk át, valamint új magasított ágyásokat alakítottunk ki. A tavasz folyamán rovarhotelt is kihelyeztünk, ezzel segítve a hasznos rovarok megtelepedését.</p>



<p class="wp-block-paragraph">Áprilistól májusig a rendszeres gyomlálás és növénygondozás zajlott, amely során a diákok megtapasztalták a közös munka és gondoskodás eredményét.</p>



<p class="wp-block-paragraph"><strong>2025–2026</strong></p>



<p class="wp-block-paragraph">Fontos mérföldkő, hogy iskolánk ebben a tanévben <strong>Teremtésvédő iskolává vált</strong>, amely tovább erősíti környezeti nevelési céljainkat.</p>



<p class="wp-block-paragraph">Jelenleg a legfontosabb feladat a magasított ágyások kiépítése, valamint az iskolakert melletti épület kipakolása és rendezése. A munkálatok során nagy segítséget jelentett a mulcsozás, amelyet egy segítő szülő közreműködésével végeztünk.</p>



<p class="wp-block-paragraph">Elkészült az iskolakert új látványterve is, amely alapján hamarosan 7 új magasított ágyás kerül kialakításra. Ezekben változatos növények kapnak helyet: évelők, hagymások, eper, egynyári virágok és fűszernövények.</p>



<p class="wp-block-paragraph">A tervezésbe a tanulók is aktívan bekapcsolódtak technika órákon, ahol saját ötleteikkel és rajzaikkal járultak hozzá az új kert kialakításához.</p>



<p class="wp-block-paragraph">Célunk, hogy egy olyan iskolakert jöjjön létre, amely egyszerre szolgálja a tanulást, a természet szeretetét, a közösségi élményt és a környezettudatos gondolkodást.</p>



ngg_shortcode_0_placeholder



<p class="wp-block-paragraph"></p>

<div class="mh-excerpt"><p>A Szent Anna Katolikus Iskola és Óvoda 2020 áprilisában elnyerte a Kezdő iskolakert pályázatot, amelynek köszönhetően elindulhatott intézményünk iskolakerti programja. A kezdeményezésben felső tagozatos tanulók <a class="mh-excerpt-more" href="https://szentannaszany.hu/index.php/iskolakert/" title="Iskolakert">[&#8230;]</a></p>
</div>
